{"id":128751,"date":"2015-03-21T02:13:56","date_gmt":"2015-03-21T02:13:56","guid":{"rendered":"https:\/\/www.youreporter.it\/video_tg1_-_le_ragioni_dei_precari_-_17_03_2015\/"},"modified":"2015-03-21T02:13:56","modified_gmt":"2015-03-21T02:13:56","slug":"video_tg1_-_le_ragioni_dei_precari_-_17_03_2015","status":"publish","type":"video","link":"https:\/\/www.youreporter.it\/video\/video_tg1_-_le_ragioni_dei_precari_-_17_03_2015\/","title":{"rendered":"TG1 &#8211; LE RAGIONI DEI PRECARI &#8211; 17\/03\/2015"},"content":{"rendered":"<p>adesioni in tantissime scuole. A Roma sono confluiti supplenti da tutte le regioni d\u2019Italia, dalla Val d\u2019Aosta alla Sicilia, in rappresentanza dei 140mila con un contratto a tempo determinato e degli oltre 100mila abilitati esclusi delle GaE. Tantissimi precari di seconda fascia d\u2019istituto hanno contestato le decisioni del Governo con un bavaglio davanti al volto. Sopra c\u2019era scritto: \u201cLa Buona Scuola mi ha tolto la parola\u201d. Tanti gli slogan gridati verso le finestre di Montecitorio. Uno pi\u00f9 di tutti: \u201cVergogna, la buona scuola siamo noi\u201d. Diversi gli striscioni e i cartelli affissi: \u201cLa Buona Scuola la fanno alunni e docenti, non i presidi-padroni\u201d; \u201cNero \u00e8 il futuro dei precari, bianca \u00e8 la scheda degli elettori\u201d; \u201cDignit\u00e0 ai docenti\u201d.<\/p>\n<p>Associazioni e partiti politici hanno condiviso i motivi della protesta: inserimento immediato in GaE di tutti i docenti abilitati a partire dalla seconda fascia d\u2019istituto, immissione in ruolo laddove vi sono posti liberi, pagamento degli scatti di anzianit\u00e0 negato ancora dal CCNL 2006\/2009 e delle ferie; recupero del primo gradino stipendiale ai neo-assunti tolto dal CCNL 2011, conversione dei contratti, sottoscritti su posto vacante, da 30 giugno a 31 agosto.<\/p>\n<p>Marcello Pacifico (Anief-Confedir): basta con la precariet\u00e0, \u00e8 giunta l\u2019ora di stabilizzare tutto il personale abilitato che ha svolto pi\u00f9 di 36 mesi di servizio su posti vacanti. E, in generale, il recupero dei diritti e della dignit\u00e0 del lavoro. Siamo pronti a inviare al Miur una valanga di ricorsi, che peseranno non poco sull\u2019erario.<\/p>\n<p>Lo sciopero dei docenti precari ha fatto centro: da tantissime scuole italiane giungono notizie di adesioni alla protesta e circa 4mila supplenti sono giunti a Roma da tutte le regioni d\u2019Italia, dalla Val d\u2019Aosta alla Sicilia, in rappresentanza dei 140mila supplenti con un contratto di supplenza annuale e di almeno 100mila abilitati dopo il 2011, che continuano a non avere prospettive di assunzione. Nel disegno di legge approvato dal Consiglio dei Ministri la scorsa settimana, non si fa cenno, infatti, alla stabilizzazione di tutti coloro che, a partire dal 2011, si sono abilitati all\u2019insegnamento attraverso i vari carsi, organizzati nelle universit\u00e0, Tfa, Pas e di Scienze della formazione primaria.<\/p>\n<p>A Roma, i precari hanno manifestato davanti al Parlamento, aderendo al sit-in organizzato dal Mida, e contemporaneamente dinanzi al Miur, dove hanno preso parte alla protesta organizzata dall\u2019Anief. Ad entrambe le colorate e chiassose manifestazioni di protesta hanno aderito diverse altre sigle sindacali autonome, come Adida a CO.N.ITP. Ma anche associazioni, come il Codacons, e partiti politici, in particolare il Movimento 5 Stella, una cui rappresentanza ha incontrato i manifestanti per ascoltarne e condividere i motivi della protesta.<\/p>\n<p>\u201cSi tratta di docenti \u2013 ha detto Marcello Pacifico, presidente Anief e segretario organizzativo Confedir &#8211; che sono stati tutti selezionati e formati su una previsione di posti vacanti nel triennio o quinquennio successivo. La maggior parte ha gi\u00e0 svolto i 36 mesi di servizio su posto vacante, indicati dalla normativa, confermata dalla curia di Lussemburgo a fine novembre, per essere assunti a tempo indeterminato. Allo stesso modo, rimane incredibile l\u2019esclusione dal piano di immissioni in ruolo, ridotto nel frattempo da 150mila a 100mila posti, di tante altre tipologie di insegnanti, a partire dai maestri d\u2019infanzia. Il no del Governo, inoltre, si rivela una vera beffa, dopo che per oltre sei mesi era stato detto che sarebbero stati immessi in ruolo tutti i precari abilitati, cancellando una volta per tutte la \u2018supplentite\u2019\u201d.<\/p>\n<p>Dopo che l\u2019Esecutivo ha tolto la maschera, con il via libera al ddl di riforma, il 17 marzo tantissimi precari si sono dati appuntamento a Roma. Tantissimi precari di seconda fascia d\u2019istituto hanno contestato le decisioni del Governo con un bavaglio davanti al volto. Sopra c\u2019era scritto: \u201cLa Buona Scuola mi ha tolto la parola\u201d. Tanti gli slogan gridati verso le finestre di Montecitorio. Uno pi\u00f9 di tutti: \u201cVergogna, la buona scuola siamo noi\u201d. Diversi gli striscioni e i cartelli affissi: \u201cLa Buona Scuola la fanno alunni e docenti, non i presidi-padroni\u201d; \u201cNero \u00e8 il futuro dei precari, bianca \u00e8 la scheda degli elettori\u201d; \u201cDignit\u00e0 ai docenti\u201d; \u201cAbilitati II fascia in GaE\u201d; \u201cNoi in classe ci mettiamo il cuore, voi solo i vostri interessi\u201d.<\/p>\n<p>Alla protesta hanno partecipati anche un gruppo di insegnanti vestite da giovani laureate, con attorno al corpo una scritta: \u201cConcorso? No grazie, siamo gi\u00e0 abilitate\u201d. Altre docenti precarie indossavano un cartello con un divieto e sotto scritto: \u201cScienze della formazione primaria, noi non possiamo entrare\u201d.<\/p>\n<p>\u201cIl problema, da noi sollevato da mesi, \u00e8 il Miur continua a non voler realizzare un serio censimento per verificare l\u2019esatto numero dei posti vacanti \u2013 ha detto ancora il presidente Anief, Pacifico -. In questo modo si renderebbe conto che i posti effettivamente liberi, da assegnare alle immissioni in ruolo, sono molti di pi\u00f9. E che vanno dati a tutti quei docenti che dopo anni e anni di servizio in cattedra, dopo aver tutti svolto un concorso pubblico o riservato, vanno stabilizzati e indennizzati. E lo stesso discorso va fatto per decine di migliaia di amministrativi, tecnici e ausiliari non citati nel disegno di legge\u201d.<\/p>\n<p>\u201c\u00c8 evidente che l\u2019unica strada da percorrere \u00e8 quindi la stabilizzazione di tutti i precari. Altrimenti, ci penseranno i tribunali. Facendo spendere all\u2019erario cifre altissime. Anche di 3 miliardi di euro. Perch\u00e9 al Miur arriveranno una valanga di ricorsi, con la richiesta di risarcimento, gi\u00e0 ottenuto pi\u00f9 volte in tribunale, che va dai 30mila ai 50mila euro a docente con 10 anni di precariato. Tanto vale \u2013 ha concluso il sindacalista Anief \u2013 assumerli tutti ora, come era del resto previsto dalla prima bozza della Buona Scuola\u201d. Nel corso della manifestazione, una rappresentanza dell\u2019Anief \u00e8 stata ricevuta in Parlamento.<\/p>\n","protected":false},"author":9908,"featured_media":0,"comment_status":"closed","ping_status":"closed","template":"","categories":[1],"tags":[],"geo":[2254],"class_list":{"0":"post-128751","1":"video","2":"type-video","3":"status-publish","5":"category-cronaca","6":"geo-roma"},"acf":[],"_links":{"self":[{"href":"https:\/\/www.youreporter.it\/api\/wp\/v2\/video\/128751"}],"collection":[{"href":"https:\/\/www.youreporter.it\/api\/wp\/v2\/video"}],"about":[{"href":"https:\/\/www.youreporter.it\/api\/wp\/v2\/types\/video"}],"author":[{"embeddable":true,"href":"https:\/\/www.youreporter.it\/api\/wp\/v2\/users\/9908"}],"replies":[{"embeddable":true,"href":"https:\/\/www.youreporter.it\/api\/wp\/v2\/comments?post=128751"}],"version-history":[{"count":0,"href":"https:\/\/www.youreporter.it\/api\/wp\/v2\/video\/128751\/revisions"}],"wp:attachment":[{"href":"https:\/\/www.youreporter.it\/api\/wp\/v2\/media?parent=128751"}],"wp:term":[{"taxonomy":"category","embeddable":true,"href":"https:\/\/www.youreporter.it\/api\/wp\/v2\/categories?post=128751"},{"taxonomy":"post_tag","embeddable":true,"href":"https:\/\/www.youreporter.it\/api\/wp\/v2\/tags?post=128751"},{"taxonomy":"geo","embeddable":true,"href":"https:\/\/www.youreporter.it\/api\/wp\/v2\/geo?post=128751"}],"curies":[{"name":"wp","href":"https:\/\/api.w.org\/{rel}","templated":true}]}}

<p>adesioni in tantissime scuole. A Roma sono confluiti supplenti da tutte le regioni d’Italia, dalla Val d’Aosta alla Sicilia, in rappresentanza dei 140mila con un contratto a tempo determinato e degli oltre 100mila abilitati esclusi delle GaE. Tantissimi precari di seconda fascia d’istituto hanno contestato le decisioni del Governo con un bavaglio davanti al volto. Sopra c’era scritto: “La Buona Scuola mi ha tolto la parola”. Tanti gli slogan gridati verso le finestre di Montecitorio. Uno più di tutti: “Vergogna, la buona scuola siamo noi”. Diversi gli striscioni e i cartelli affissi: “La Buona Scuola la fanno alunni e docenti, non i presidi-padroni”; “Nero è il futuro dei precari, bianca è la scheda degli elettori”; “Dignità ai docenti”.</p>
<p>Associazioni e partiti politici hanno condiviso i motivi della protesta: inserimento immediato in GaE di tutti i docenti abilitati a partire dalla seconda fascia d’istituto, immissione in ruolo laddove vi sono posti liberi, pagamento degli scatti di anzianità negato ancora dal CCNL 2006/2009 e delle ferie; recupero del primo gradino stipendiale ai neo-assunti tolto dal CCNL 2011, conversione dei contratti, sottoscritti su posto vacante, da 30 giugno a 31 agosto.</p>
<p>Marcello Pacifico (Anief-Confedir): basta con la precarietà, è giunta l’ora di stabilizzare tutto il personale abilitato che ha svolto più di 36 mesi di servizio su posti vacanti. E, in generale, il recupero dei diritti e della dignità del lavoro. Siamo pronti a inviare al Miur una valanga di ricorsi, che peseranno non poco sull’erario.</p>
<p>Lo sciopero dei docenti precari ha fatto centro: da tantissime scuole italiane giungono notizie di adesioni alla protesta e circa 4mila supplenti sono giunti a Roma da tutte le regioni d’Italia, dalla Val d’Aosta alla Sicilia, in rappresentanza dei 140mila supplenti con un contratto di supplenza annuale e di almeno 100mila abilitati dopo il 2011, che continuano a non avere prospettive di assunzione. Nel disegno di legge approvato dal Consiglio dei Ministri la scorsa settimana, non si fa cenno, infatti, alla stabilizzazione di tutti coloro che, a partire dal 2011, si sono abilitati all’insegnamento attraverso i vari carsi, organizzati nelle università, Tfa, Pas e di Scienze della formazione primaria.</p>
<p>A Roma, i precari hanno manifestato davanti al Parlamento, aderendo al sit-in organizzato dal Mida, e contemporaneamente dinanzi al Miur, dove hanno preso parte alla protesta organizzata dall’Anief. Ad entrambe le colorate e chiassose manifestazioni di protesta hanno aderito diverse altre sigle sindacali autonome, come Adida a CO.N.ITP. Ma anche associazioni, come il Codacons, e partiti politici, in particolare il Movimento 5 Stella, una cui rappresentanza ha incontrato i manifestanti per ascoltarne e condividere i motivi della protesta.</p>
<p>“Si tratta di docenti – ha detto Marcello Pacifico, presidente Anief e segretario organizzativo Confedir &#8211; che sono stati tutti selezionati e formati su una previsione di posti vacanti nel triennio o quinquennio successivo. La maggior parte ha già svolto i 36 mesi di servizio su posto vacante, indicati dalla normativa, confermata dalla curia di Lussemburgo a fine novembre, per essere assunti a tempo indeterminato. Allo stesso modo, rimane incredibile l’esclusione dal piano di immissioni in ruolo, ridotto nel frattempo da 150mila a 100mila posti, di tante altre tipologie di insegnanti, a partire dai maestri d’infanzia. Il no del Governo, inoltre, si rivela una vera beffa, dopo che per oltre sei mesi era stato detto che sarebbero stati immessi in ruolo tutti i precari abilitati, cancellando una volta per tutte la ‘supplentite’”.</p>
<p>Dopo che l’Esecutivo ha tolto la maschera, con il via libera al ddl di riforma, il 17 marzo tantissimi precari si sono dati appuntamento a Roma. Tantissimi precari di seconda fascia d’istituto hanno contestato le decisioni del Governo con un bavaglio davanti al volto. Sopra c’era scritto: “La Buona Scuola mi ha tolto la parola”. Tanti gli slogan gridati verso le finestre di Montecitorio. Uno più di tutti: “Vergogna, la buona scuola siamo noi”. Diversi gli striscioni e i cartelli affissi: “La Buona Scuola la fanno alunni e docenti, non i presidi-padroni”; “Nero è il futuro dei precari, bianca è la scheda degli elettori”; “Dignità ai docenti”; “Abilitati II fascia in GaE”; “Noi in classe ci mettiamo il cuore, voi solo i vostri interessi”.</p>
<p>Alla protesta hanno partecipati anche un gruppo di insegnanti vestite da giovani laureate, con attorno al corpo una scritta: “Concorso? No grazie, siamo già abilitate”. Altre docenti precarie indossavano un cartello con un divieto e sotto scritto: “Scienze della formazione primaria, noi non possiamo entrare”.</p>
<p>“Il problema, da noi sollevato da mesi, è il Miur continua a non voler realizzare un serio censimento per verificare l’esatto numero dei posti vacanti – ha detto ancora il presidente Anief, Pacifico -. In questo modo si renderebbe conto che i posti effettivamente liberi, da assegnare alle immissioni in ruolo, sono molti di più. E che vanno dati a tutti quei docenti che dopo anni e anni di servizio in cattedra, dopo aver tutti svolto un concorso pubblico o riservato, vanno stabilizzati e indennizzati. E lo stesso discorso va fatto per decine di migliaia di amministrativi, tecnici e ausiliari non citati nel disegno di legge”.</p>
<p>“È evidente che l’unica strada da percorrere è quindi la stabilizzazione di tutti i precari. Altrimenti, ci penseranno i tribunali. Facendo spendere all’erario cifre altissime. Anche di 3 miliardi di euro. Perché al Miur arriveranno una valanga di ricorsi, con la richiesta di risarcimento, già ottenuto più volte in tribunale, che va dai 30mila ai 50mila euro a docente con 10 anni di precariato. Tanto vale – ha concluso il sindacalista Anief – assumerli tutti ora, come era del resto previsto dalla prima bozza della Buona Scuola”. Nel corso della manifestazione, una rappresentanza dell’Anief è stata ricevuta in Parlamento.</p>
