{"id":128014,"date":"2015-02-02T12:46:35","date_gmt":"2015-02-02T12:46:35","guid":{"rendered":"https:\/\/www.youreporter.it\/video_sciopero_maggiore_autonoleggio\/"},"modified":"2015-02-02T12:46:35","modified_gmt":"2015-02-02T12:46:35","slug":"video_sciopero_maggiore_autonoleggio","status":"publish","type":"video","link":"https:\/\/www.youreporter.it\/video\/video_sciopero_maggiore_autonoleggio\/","title":{"rendered":"SCIOPERO MAGGIORE AUTONOLEGGIO"},"content":{"rendered":"<p>Maggiore Rent, vanificati i contratti di solidariet\u00e0. Lavoratori in sciopero<\/p>\n<p>I lavoratori della Maggiore Rent si mobilitano in difesa del posto di lavoro. \u00c8 stato dichiarato infatti lo stato di agitazione che culminer\u00e0 con la prima manifestazione di protesta nella giornata di luned\u00ec (2 febbraio ndr) dalle 9 alle 11. Nel corso dello sciopero verr\u00e0 organizzato un presidio davanti all\u2019azienda in via Tor Cervara 225, Roma. La decisione \u00e8 arrivata al termine dell\u2019assemblea sindacale alla quale hanno partecipato i rappresentanti nazionali del sindacato Cgil, Cisl e Uil. \u201cLo stato di agitazione \u2013 rivelano fonti interne \u2013 nasce dal nostro dissenso nei confronti dei vertici che molto probabilmente hanno deciso di vendere la societ\u00e0 a terzi\u201d. \u201cL\u2019indignazione \u2013 rivelano gli stessi \u2013 nasce invece dal momento che negli ultimi due anni, la Maggiore ha intrapreso un contratto di solidariet\u00e0, al fine di preservare l\u2019occupazione contro la crisi ed evitare quindi una riduzione del personale. In realt\u00e0, guardando ad oggi, siamo giunti a conclusione che evidentemente l\u2019interesse primario non era affatto questo ma, al contrario, ci si \u00e8 serviti di un ammortizzatore sociale quale il regime della solidariet\u00e0 al solo fine di recuperare in bilancio ed aumentare quindi il valore dell\u2019azienda che gi\u00e0 avevano prospettato di vendere. Il tutto a seguito di sforzi immani del personale che pur lavorando per meno ore al giorno per due anni, ha fatto s\u00ec che si raggiungessero livelli di produzione ed efficienza pari ad un lavoro in regime ordinario di full time\u201d. Oltre allo sciopero, infine, i lavoratori hanno annunciato anche il blocco degli straordinari.<\/p>\n","protected":false},"author":9823,"featured_media":0,"comment_status":"closed","ping_status":"closed","template":"","categories":[1],"tags":[],"geo":[2254],"class_list":{"0":"post-128014","1":"video","2":"type-video","3":"status-publish","5":"category-cronaca","6":"geo-roma"},"acf":[],"_links":{"self":[{"href":"https:\/\/www.youreporter.it\/api\/wp\/v2\/video\/128014"}],"collection":[{"href":"https:\/\/www.youreporter.it\/api\/wp\/v2\/video"}],"about":[{"href":"https:\/\/www.youreporter.it\/api\/wp\/v2\/types\/video"}],"author":[{"embeddable":true,"href":"https:\/\/www.youreporter.it\/api\/wp\/v2\/users\/9823"}],"replies":[{"embeddable":true,"href":"https:\/\/www.youreporter.it\/api\/wp\/v2\/comments?post=128014"}],"version-history":[{"count":0,"href":"https:\/\/www.youreporter.it\/api\/wp\/v2\/video\/128014\/revisions"}],"wp:attachment":[{"href":"https:\/\/www.youreporter.it\/api\/wp\/v2\/media?parent=128014"}],"wp:term":[{"taxonomy":"category","embeddable":true,"href":"https:\/\/www.youreporter.it\/api\/wp\/v2\/categories?post=128014"},{"taxonomy":"post_tag","embeddable":true,"href":"https:\/\/www.youreporter.it\/api\/wp\/v2\/tags?post=128014"},{"taxonomy":"geo","embeddable":true,"href":"https:\/\/www.youreporter.it\/api\/wp\/v2\/geo?post=128014"}],"curies":[{"name":"wp","href":"https:\/\/api.w.org\/{rel}","templated":true}]}}

<p>Maggiore Rent, vanificati i contratti di solidarietà. Lavoratori in sciopero</p>
<p>I lavoratori della Maggiore Rent si mobilitano in difesa del posto di lavoro. È stato dichiarato infatti lo stato di agitazione che culminerà con la prima manifestazione di protesta nella giornata di lunedì (2 febbraio ndr) dalle 9 alle 11. Nel corso dello sciopero verrà organizzato un presidio davanti all’azienda in via Tor Cervara 225, Roma. La decisione è arrivata al termine dell’assemblea sindacale alla quale hanno partecipato i rappresentanti nazionali del sindacato Cgil, Cisl e Uil. “Lo stato di agitazione – rivelano fonti interne – nasce dal nostro dissenso nei confronti dei vertici che molto probabilmente hanno deciso di vendere la società a terzi”. “L’indignazione – rivelano gli stessi – nasce invece dal momento che negli ultimi due anni, la Maggiore ha intrapreso un contratto di solidarietà, al fine di preservare l’occupazione contro la crisi ed evitare quindi una riduzione del personale. In realtà, guardando ad oggi, siamo giunti a conclusione che evidentemente l’interesse primario non era affatto questo ma, al contrario, ci si è serviti di un ammortizzatore sociale quale il regime della solidarietà al solo fine di recuperare in bilancio ed aumentare quindi il valore dell’azienda che già avevano prospettato di vendere. Il tutto a seguito di sforzi immani del personale che pur lavorando per meno ore al giorno per due anni, ha fatto sì che si raggiungessero livelli di produzione ed efficienza pari ad un lavoro in regime ordinario di full time”. Oltre allo sciopero, infine, i lavoratori hanno annunciato anche il blocco degli straordinari.</p>
