{"id":125694,"date":"2016-01-03T17:41:19","date_gmt":"2016-01-03T17:41:19","guid":{"rendered":"https:\/\/www.youreporter.it\/video_nevicata_sulle_dolomiti\/"},"modified":"2016-01-03T17:41:19","modified_gmt":"2016-01-03T17:41:19","slug":"video_nevicata_sulle_dolomiti","status":"publish","type":"video","link":"https:\/\/www.youreporter.it\/video\/video_nevicata_sulle_dolomiti\/","title":{"rendered":"Nevicata sulle Dolomiti"},"content":{"rendered":"<p>Risveglio tutto imbiancato quello del 3 gennaio mattina, dopo la prima nevicata dopo oltre 2 mesi di siccit\u00e0 in tutto l&#8217;Arco Alpino. Sono caduti fino a 10 cm in quota, mentre il manto bianco si \u00e8 steso sul paesaggio fin sotto i 1.000 m di quota. Sulle piste da sci delle Dolomiti, la felicit\u00e0 per le migliaia di sciatori \u00e8 stata grande, visto che, oltre alle piste innevate perfettamente con i cannoni, ora anche l&#8217;occhio ha la sua parte.<br \/>\nVideo pubblicato da dolomitisuperski.com<\/p>\n","protected":false},"author":9595,"featured_media":0,"comment_status":"closed","ping_status":"closed","template":"","categories":[8282],"tags":[],"geo":[7173,7265,59],"class_list":{"0":"post-125694","1":"video","2":"type-video","3":"status-publish","5":"category-arte-e-cultura","6":"geo-bolzano","7":"geo-sesto","8":"geo-trentino-alto-adige"},"acf":[],"_links":{"self":[{"href":"https:\/\/www.youreporter.it\/api\/wp\/v2\/video\/125694"}],"collection":[{"href":"https:\/\/www.youreporter.it\/api\/wp\/v2\/video"}],"about":[{"href":"https:\/\/www.youreporter.it\/api\/wp\/v2\/types\/video"}],"author":[{"embeddable":true,"href":"https:\/\/www.youreporter.it\/api\/wp\/v2\/users\/9595"}],"replies":[{"embeddable":true,"href":"https:\/\/www.youreporter.it\/api\/wp\/v2\/comments?post=125694"}],"version-history":[{"count":0,"href":"https:\/\/www.youreporter.it\/api\/wp\/v2\/video\/125694\/revisions"}],"wp:attachment":[{"href":"https:\/\/www.youreporter.it\/api\/wp\/v2\/media?parent=125694"}],"wp:term":[{"taxonomy":"category","embeddable":true,"href":"https:\/\/www.youreporter.it\/api\/wp\/v2\/categories?post=125694"},{"taxonomy":"post_tag","embeddable":true,"href":"https:\/\/www.youreporter.it\/api\/wp\/v2\/tags?post=125694"},{"taxonomy":"geo","embeddable":true,"href":"https:\/\/www.youreporter.it\/api\/wp\/v2\/geo?post=125694"}],"curies":[{"name":"wp","href":"https:\/\/api.w.org\/{rel}","templated":true}]}}

<p>Risveglio tutto imbiancato quello del 3 gennaio mattina, dopo la prima nevicata dopo oltre 2 mesi di siccità in tutto l&#8217;Arco Alpino. Sono caduti fino a 10 cm in quota, mentre il manto bianco si è steso sul paesaggio fin sotto i 1.000 m di quota. Sulle piste da sci delle Dolomiti, la felicità per le migliaia di sciatori è stata grande, visto che, oltre alle piste innevate perfettamente con i cannoni, ora anche l&#8217;occhio ha la sua parte.<br />
Video pubblicato da dolomitisuperski.com</p>
