{"id":125011,"date":"2015-04-19T16:54:31","date_gmt":"2015-04-19T16:54:31","guid":{"rendered":"https:\/\/www.youreporter.it\/video_on_lara_comi_fi_ppe_immigrazione_ed_evento_ppe-milano\/"},"modified":"2015-04-19T16:54:31","modified_gmt":"2015-04-19T16:54:31","slug":"video_on_lara_comi_fi_ppe_immigrazione_ed_evento_ppe-milano","status":"publish","type":"video","link":"https:\/\/www.youreporter.it\/video\/video_on_lara_comi_fi_ppe_immigrazione_ed_evento_ppe-milano\/","title":{"rendered":"On.Lara Comi(FI\/PPE):Immigrazione ed Evento PPE-Milano"},"content":{"rendered":"<p>On.Lara Comi(FI e vice-Presidente-PPE) interviene in TV-Rai-1 sul tema immigrazione, intervenendo tra le considerazioni inerenti il Disastro odierno di 700 migranti.<br \/>\nAltres\u00ec ricorda che il PPE affronter\u00e0 questi temi all&#8217; &#8220;Evento di Lavoro&#8221; che \u00e9 stato schedulato per il 23 e il 24 aprile a #Milano.<\/p>\n","protected":false},"author":9544,"featured_media":0,"comment_status":"closed","ping_status":"closed","template":"","categories":[1],"tags":[],"geo":[2254],"class_list":{"0":"post-125011","1":"video","2":"type-video","3":"status-publish","5":"category-cronaca","6":"geo-roma"},"acf":[],"_links":{"self":[{"href":"https:\/\/www.youreporter.it\/api\/wp\/v2\/video\/125011"}],"collection":[{"href":"https:\/\/www.youreporter.it\/api\/wp\/v2\/video"}],"about":[{"href":"https:\/\/www.youreporter.it\/api\/wp\/v2\/types\/video"}],"author":[{"embeddable":true,"href":"https:\/\/www.youreporter.it\/api\/wp\/v2\/users\/9544"}],"replies":[{"embeddable":true,"href":"https:\/\/www.youreporter.it\/api\/wp\/v2\/comments?post=125011"}],"version-history":[{"count":0,"href":"https:\/\/www.youreporter.it\/api\/wp\/v2\/video\/125011\/revisions"}],"wp:attachment":[{"href":"https:\/\/www.youreporter.it\/api\/wp\/v2\/media?parent=125011"}],"wp:term":[{"taxonomy":"category","embeddable":true,"href":"https:\/\/www.youreporter.it\/api\/wp\/v2\/categories?post=125011"},{"taxonomy":"post_tag","embeddable":true,"href":"https:\/\/www.youreporter.it\/api\/wp\/v2\/tags?post=125011"},{"taxonomy":"geo","embeddable":true,"href":"https:\/\/www.youreporter.it\/api\/wp\/v2\/geo?post=125011"}],"curies":[{"name":"wp","href":"https:\/\/api.w.org\/{rel}","templated":true}]}}

<p>On.Lara Comi(FI e vice-Presidente-PPE) interviene in TV-Rai-1 sul tema immigrazione, intervenendo tra le considerazioni inerenti il Disastro odierno di 700 migranti.<br />
Altresì ricorda che il PPE affronterà questi temi all&#8217; &#8220;Evento di Lavoro&#8221; che é stato schedulato per il 23 e il 24 aprile a #Milano.</p>
