{"id":122352,"date":"2015-05-29T23:48:14","date_gmt":"2015-05-29T23:48:14","guid":{"rendered":"https:\/\/www.youreporter.it\/video_ciclismo_il_giro_d_italia_e_passato_da_biella\/"},"modified":"2015-05-29T23:48:14","modified_gmt":"2015-05-29T23:48:14","slug":"video_ciclismo_il_giro_d_italia_e_passato_da_biella","status":"publish","type":"video","link":"https:\/\/www.youreporter.it\/video\/video_ciclismo_il_giro_d_italia_e_passato_da_biella\/","title":{"rendered":"CICLISMO: Il Giro d&#8217;Italia \u00e8 passato da Biella"},"content":{"rendered":"<p> Il Giro d&#8217;Italia &#8220;\u00e8 passato&#8221; da Biella venerd\u00ec 29 maggio 2015, poco dopo mezzogiorno, in occasione della 19\u00b0 tappa Gravellona Toce &#8211; Cervinia (http:\/\/www.gazzetta.it\/Giroditalia\/2015\/it\/tappa\/19): in via Lamarmora, il gruppo con la maglia rosa Alberto Contador.<br \/>\nPer la cronaca, la tappa alpina \u00e8 stata vinta da Fabio Aru.<\/p>\n","protected":false},"author":4388,"featured_media":0,"comment_status":"closed","ping_status":"closed","template":"","categories":[21],"tags":[],"geo":[4924,54],"class_list":{"0":"post-122352","1":"video","2":"type-video","3":"status-publish","5":"category-sport","6":"geo-biella","7":"geo-piemonte"},"acf":[],"_links":{"self":[{"href":"https:\/\/www.youreporter.it\/api\/wp\/v2\/video\/122352"}],"collection":[{"href":"https:\/\/www.youreporter.it\/api\/wp\/v2\/video"}],"about":[{"href":"https:\/\/www.youreporter.it\/api\/wp\/v2\/types\/video"}],"author":[{"embeddable":true,"href":"https:\/\/www.youreporter.it\/api\/wp\/v2\/users\/4388"}],"replies":[{"embeddable":true,"href":"https:\/\/www.youreporter.it\/api\/wp\/v2\/comments?post=122352"}],"version-history":[{"count":0,"href":"https:\/\/www.youreporter.it\/api\/wp\/v2\/video\/122352\/revisions"}],"wp:attachment":[{"href":"https:\/\/www.youreporter.it\/api\/wp\/v2\/media?parent=122352"}],"wp:term":[{"taxonomy":"category","embeddable":true,"href":"https:\/\/www.youreporter.it\/api\/wp\/v2\/categories?post=122352"},{"taxonomy":"post_tag","embeddable":true,"href":"https:\/\/www.youreporter.it\/api\/wp\/v2\/tags?post=122352"},{"taxonomy":"geo","embeddable":true,"href":"https:\/\/www.youreporter.it\/api\/wp\/v2\/geo?post=122352"}],"curies":[{"name":"wp","href":"https:\/\/api.w.org\/{rel}","templated":true}]}}

CICLISMO: Il Giro d&#8217;Italia è passato da Biella

<p> Il Giro d&#8217;Italia &#8220;è passato&#8221; da Biella venerdì 29 maggio 2015, poco dopo mezzogiorno, in occasione della 19° tappa Gravellona Toce &#8211; Cervinia (http://www.gazzetta.it/Giroditalia/2015/it/tappa/19): in via Lamarmora, il gruppo con la maglia rosa Alberto Contador.<br />
Per la cronaca, la tappa alpina è stata vinta da Fabio Aru.</p>
