{"id":118641,"date":"2015-03-05T14:47:37","date_gmt":"2015-03-05T14:47:37","guid":{"rendered":"https:\/\/www.youreporter.it\/video_music_academy_a_casa_di_lucio\/"},"modified":"2015-03-05T14:47:37","modified_gmt":"2015-03-05T14:47:37","slug":"video_music_academy_a_casa_di_lucio","status":"publish","type":"video","link":"https:\/\/www.youreporter.it\/video\/video_music_academy_a_casa_di_lucio\/","title":{"rendered":"\u201cMUSIC ACADEMY\u201d A \u201cCASA DI LUCIO\u201d"},"content":{"rendered":"<p>In occasione del terzo anniversario dalla scomparsa del cantautore, in Piazza dei Celestini a Bologna, performance musicali dal vivo in collaborazione con gli allievi e i docenti di \u201cMusic Academy Since 1999\u201d.<br \/>\nTre giorni di apertura straordinaria della casa di Lucio Dalla in via D\u2019Azeglio a Bologna trasformata, o meglio, riportata alla sua dimensione di \u201cwunderkammer\u201d, di camera delle meraviglie. Si chiama \u201cA casa di Lucio\u201d il progetto con cui la Fondazione Lucio Dalla ricorder\u00e0 dal 2 al 4 marzo il grande cantautore a tre anni dalla morte. <\/p>\n<p>Ad animare quella che da qui a poco sar\u00e0 trasformata in una casa-museo, tanti amici, musicisti, artisti: da Renzo Arbore a Walter Veltroni, da Caterina Caselli a Samuele Bersani, da Ornella Vanoni a Gigi D\u2019Alessio. E ancora Gianni Morandi, Gaetano Curreri e gli Stadio, Piera Degli Esposti, Achille Bonito Oliva, Katia Ricciarelli, Enzo Decaro, Mimmo Paladino.<\/p>\n<p>Oltre ai tanti artisti che hanno collaborato con Lucio Dalla, sono state invitate le migliori Scuole di Musica, tra cui Music Academy, da 15 anni leader nella didattica musicale non soltanto a Bologna ma su tutto il  territorio nazionale con pi\u00f9 di 25 Accademie affiliate. <\/p>\n<p>Un pianoforte e un piccolo palco, verranno allestiti in Piazza dei Celestini e resi disponibili per quanti vorranno omaggiare in musica Lucio Dalla, mentre nel pomeriggio le Scuole di Musica si alterneranno con le loro performances dedicate al grande cantautore, nei tre giorni della durata dell\u2019evento.<br \/>\nDa luned\u00ec 2 marzo Angela Madonia, accompagnata al piano, sar\u00e0 in Piazza dei Celestini dalle 17.00 e presenter\u00e0 alcuni brani di Lucio Dalla in omaggio al grande cantautore.<br \/>\nMarted\u00ec 3 marzo, stessa location, sar\u00e0 la volta di un\u2019altro promettente cantautore bolognese targato Music Academy: Enrico Zoni dalle 15.00 si misurer\u00e0, accompagnato al piano e in alcuni brani anche con la chitarra acustica, su brani di Lucio.<br \/>\nIl 4 marzo dalle 15.00, ultimo giorno in Piazza Dei Celestini, sar\u00e0 la volta di Sara Urbini, accompagnata dalla chitarra acustica di Pietro Posani, mentre alle 17.45 concluder\u00e0 l\u2019evento Angela Madonia.<br \/>\nwww.acasadilucio.it \u2022 www.ma2000.it<\/p>\n","protected":false},"author":7351,"featured_media":0,"comment_status":"closed","ping_status":"closed","template":"","categories":[8282],"tags":[],"geo":[1475,46],"class_list":{"0":"post-118641","1":"video","2":"type-video","3":"status-publish","5":"category-arte-e-cultura","6":"geo-bologna","7":"geo-emilia-romagna"},"acf":[],"_links":{"self":[{"href":"https:\/\/www.youreporter.it\/api\/wp\/v2\/video\/118641"}],"collection":[{"href":"https:\/\/www.youreporter.it\/api\/wp\/v2\/video"}],"about":[{"href":"https:\/\/www.youreporter.it\/api\/wp\/v2\/types\/video"}],"author":[{"embeddable":true,"href":"https:\/\/www.youreporter.it\/api\/wp\/v2\/users\/7351"}],"replies":[{"embeddable":true,"href":"https:\/\/www.youreporter.it\/api\/wp\/v2\/comments?post=118641"}],"version-history":[{"count":0,"href":"https:\/\/www.youreporter.it\/api\/wp\/v2\/video\/118641\/revisions"}],"wp:attachment":[{"href":"https:\/\/www.youreporter.it\/api\/wp\/v2\/media?parent=118641"}],"wp:term":[{"taxonomy":"category","embeddable":true,"href":"https:\/\/www.youreporter.it\/api\/wp\/v2\/categories?post=118641"},{"taxonomy":"post_tag","embeddable":true,"href":"https:\/\/www.youreporter.it\/api\/wp\/v2\/tags?post=118641"},{"taxonomy":"geo","embeddable":true,"href":"https:\/\/www.youreporter.it\/api\/wp\/v2\/geo?post=118641"}],"curies":[{"name":"wp","href":"https:\/\/api.w.org\/{rel}","templated":true}]}}

<p>In occasione del terzo anniversario dalla scomparsa del cantautore, in Piazza dei Celestini a Bologna, performance musicali dal vivo in collaborazione con gli allievi e i docenti di “Music Academy Since 1999”.<br />
Tre giorni di apertura straordinaria della casa di Lucio Dalla in via D’Azeglio a Bologna trasformata, o meglio, riportata alla sua dimensione di “wunderkammer”, di camera delle meraviglie. Si chiama “A casa di Lucio” il progetto con cui la Fondazione Lucio Dalla ricorderà dal 2 al 4 marzo il grande cantautore a tre anni dalla morte. </p>
<p>Ad animare quella che da qui a poco sarà trasformata in una casa-museo, tanti amici, musicisti, artisti: da Renzo Arbore a Walter Veltroni, da Caterina Caselli a Samuele Bersani, da Ornella Vanoni a Gigi D’Alessio. E ancora Gianni Morandi, Gaetano Curreri e gli Stadio, Piera Degli Esposti, Achille Bonito Oliva, Katia Ricciarelli, Enzo Decaro, Mimmo Paladino.</p>
<p>Oltre ai tanti artisti che hanno collaborato con Lucio Dalla, sono state invitate le migliori Scuole di Musica, tra cui Music Academy, da 15 anni leader nella didattica musicale non soltanto a Bologna ma su tutto il  territorio nazionale con più di 25 Accademie affiliate. </p>
<p>Un pianoforte e un piccolo palco, verranno allestiti in Piazza dei Celestini e resi disponibili per quanti vorranno omaggiare in musica Lucio Dalla, mentre nel pomeriggio le Scuole di Musica si alterneranno con le loro performances dedicate al grande cantautore, nei tre giorni della durata dell’evento.<br />
Da lunedì 2 marzo Angela Madonia, accompagnata al piano, sarà in Piazza dei Celestini dalle 17.00 e presenterà alcuni brani di Lucio Dalla in omaggio al grande cantautore.<br />
Martedì 3 marzo, stessa location, sarà la volta di un’altro promettente cantautore bolognese targato Music Academy: Enrico Zoni dalle 15.00 si misurerà, accompagnato al piano e in alcuni brani anche con la chitarra acustica, su brani di Lucio.<br />
Il 4 marzo dalle 15.00, ultimo giorno in Piazza Dei Celestini, sarà la volta di Sara Urbini, accompagnata dalla chitarra acustica di Pietro Posani, mentre alle 17.45 concluderà l’evento Angela Madonia.<br />
www.acasadilucio.it • www.ma2000.it</p>
