{"id":118110,"date":"2015-05-17T16:22:01","date_gmt":"2015-05-17T16:22:01","guid":{"rendered":"https:\/\/www.youreporter.it\/video_meladramma_protesta_di_fronte_eataly\/"},"modified":"2015-05-17T16:22:01","modified_gmt":"2015-05-17T16:22:01","slug":"video_meladramma_protesta_di_fronte_eataly","status":"publish","type":"video","link":"https:\/\/www.youreporter.it\/video\/video_meladramma_protesta_di_fronte_eataly\/","title":{"rendered":"MelaDramma protesta di fronte Eataly"},"content":{"rendered":"<p>La mela sconsolata \u00e8 stata avvistata nuovamente tra la Darsena e Moscova (nel video da Eataly). Nonostante il suo aspetto triste e malandato sono stati molti i giovani a volersi immortalare con lei, attratti dall\u2019hashtag #MelaDramma e dalla curiosit\u00e0 per la sua condizione che rimane vagamente misteriosa. La frase pi\u00f9 completa e sensata che si riesce ad intendere tra i singhiozzi \u00e8: \u201cQualcuno diceva che sarei stata pi\u00f9 sana e invece\u2026 Mi vedete\u2026 Sto male! Ho bisogno di cure!\u201d<\/p>\n","protected":false},"author":7128,"featured_media":0,"comment_status":"closed","ping_status":"closed","template":"","categories":[1],"tags":[],"geo":[51,3629],"class_list":{"0":"post-118110","1":"video","2":"type-video","3":"status-publish","5":"category-cronaca","6":"geo-lombardia","7":"geo-milano"},"acf":[],"_links":{"self":[{"href":"https:\/\/www.youreporter.it\/api\/wp\/v2\/video\/118110"}],"collection":[{"href":"https:\/\/www.youreporter.it\/api\/wp\/v2\/video"}],"about":[{"href":"https:\/\/www.youreporter.it\/api\/wp\/v2\/types\/video"}],"author":[{"embeddable":true,"href":"https:\/\/www.youreporter.it\/api\/wp\/v2\/users\/7128"}],"replies":[{"embeddable":true,"href":"https:\/\/www.youreporter.it\/api\/wp\/v2\/comments?post=118110"}],"version-history":[{"count":0,"href":"https:\/\/www.youreporter.it\/api\/wp\/v2\/video\/118110\/revisions"}],"wp:attachment":[{"href":"https:\/\/www.youreporter.it\/api\/wp\/v2\/media?parent=118110"}],"wp:term":[{"taxonomy":"category","embeddable":true,"href":"https:\/\/www.youreporter.it\/api\/wp\/v2\/categories?post=118110"},{"taxonomy":"post_tag","embeddable":true,"href":"https:\/\/www.youreporter.it\/api\/wp\/v2\/tags?post=118110"},{"taxonomy":"geo","embeddable":true,"href":"https:\/\/www.youreporter.it\/api\/wp\/v2\/geo?post=118110"}],"curies":[{"name":"wp","href":"https:\/\/api.w.org\/{rel}","templated":true}]}}

<p>La mela sconsolata è stata avvistata nuovamente tra la Darsena e Moscova (nel video da Eataly). Nonostante il suo aspetto triste e malandato sono stati molti i giovani a volersi immortalare con lei, attratti dall’hashtag #MelaDramma e dalla curiosità per la sua condizione che rimane vagamente misteriosa. La frase più completa e sensata che si riesce ad intendere tra i singhiozzi è: “Qualcuno diceva che sarei stata più sana e invece… Mi vedete… Sto male! Ho bisogno di cure!”</p>
