{"id":109150,"date":"2015-01-08T02:20:02","date_gmt":"2015-01-08T02:20:02","guid":{"rendered":"https:\/\/www.youreporter.it\/video_video-diario_1_attentato_parigi_la_francia_in_piazza\/"},"modified":"2015-01-08T02:20:02","modified_gmt":"2015-01-08T02:20:02","slug":"video_video-diario_1_attentato_parigi_la_francia_in_piazza","status":"publish","type":"video","link":"https:\/\/www.youreporter.it\/video\/video_video-diario_1_attentato_parigi_la_francia_in_piazza\/","title":{"rendered":"VIDEO-DIARIO #1 Attentato Parigi, la Francia in piazza"},"content":{"rendered":"<p>La Francia \u00e8 sotto shock per il barbaro attentato alla sede del giornale Charlie Hebdo. Manifestazioni in tutte le principali citt\u00e0. Nella capitale, la gente si \u00e8 radunata in piazza della Repubblica. Nel frattempo a Reims \u00e8 in corso un&#8217;operazione di polizia con l&#8217;impiego massiccio di teste di cuoio. Nella redazione proseguono i rilievi della scientifica.<\/p>\n","protected":false},"author":5228,"featured_media":0,"comment_status":"closed","ping_status":"closed","template":"","categories":[1],"tags":[],"geo":[2254],"class_list":{"0":"post-109150","1":"video","2":"type-video","3":"status-publish","5":"category-cronaca","6":"geo-roma"},"acf":[],"_links":{"self":[{"href":"https:\/\/www.youreporter.it\/api\/wp\/v2\/video\/109150"}],"collection":[{"href":"https:\/\/www.youreporter.it\/api\/wp\/v2\/video"}],"about":[{"href":"https:\/\/www.youreporter.it\/api\/wp\/v2\/types\/video"}],"author":[{"embeddable":true,"href":"https:\/\/www.youreporter.it\/api\/wp\/v2\/users\/5228"}],"replies":[{"embeddable":true,"href":"https:\/\/www.youreporter.it\/api\/wp\/v2\/comments?post=109150"}],"version-history":[{"count":0,"href":"https:\/\/www.youreporter.it\/api\/wp\/v2\/video\/109150\/revisions"}],"wp:attachment":[{"href":"https:\/\/www.youreporter.it\/api\/wp\/v2\/media?parent=109150"}],"wp:term":[{"taxonomy":"category","embeddable":true,"href":"https:\/\/www.youreporter.it\/api\/wp\/v2\/categories?post=109150"},{"taxonomy":"post_tag","embeddable":true,"href":"https:\/\/www.youreporter.it\/api\/wp\/v2\/tags?post=109150"},{"taxonomy":"geo","embeddable":true,"href":"https:\/\/www.youreporter.it\/api\/wp\/v2\/geo?post=109150"}],"curies":[{"name":"wp","href":"https:\/\/api.w.org\/{rel}","templated":true}]}}

<p>La Francia è sotto shock per il barbaro attentato alla sede del giornale Charlie Hebdo. Manifestazioni in tutte le principali città. Nella capitale, la gente si è radunata in piazza della Repubblica. Nel frattempo a Reims è in corso un&#8217;operazione di polizia con l&#8217;impiego massiccio di teste di cuoio. Nella redazione proseguono i rilievi della scientifica.</p>
