{"id":108818,"date":"2015-02-28T21:00:30","date_gmt":"2015-02-28T21:00:30","guid":{"rendered":"https:\/\/www.youreporter.it\/video_corteo_anti-salvini_roma_e_antifascista_andiamo_avanti\/"},"modified":"2015-02-28T21:00:30","modified_gmt":"2015-02-28T21:00:30","slug":"video_corteo_anti-salvini_roma_e_antifascista_andiamo_avanti","status":"publish","type":"video","link":"https:\/\/www.youreporter.it\/video\/video_corteo_anti-salvini_roma_e_antifascista_andiamo_avanti\/","title":{"rendered":"Corteo anti-Salvini, &#8220;Roma \u00e8 antifascista! Andiamo avanti&#8221;"},"content":{"rendered":"<p>Al grido di &#8220;Roma \u00e8 antifascista!&#8221; il corteo, costituito probabilmente da pi\u00f9 di un migliaio di persone, ha sfilato per le vie della Capitale da piazza Vittorio a Campo dei Fiori. Di Igor Riccelli<\/p>\n","protected":false},"author":5228,"featured_media":0,"comment_status":"closed","ping_status":"closed","template":"","categories":[1],"tags":[],"geo":[2254],"class_list":{"0":"post-108818","1":"video","2":"type-video","3":"status-publish","5":"category-cronaca","6":"geo-roma"},"acf":[],"_links":{"self":[{"href":"https:\/\/www.youreporter.it\/api\/wp\/v2\/video\/108818"}],"collection":[{"href":"https:\/\/www.youreporter.it\/api\/wp\/v2\/video"}],"about":[{"href":"https:\/\/www.youreporter.it\/api\/wp\/v2\/types\/video"}],"author":[{"embeddable":true,"href":"https:\/\/www.youreporter.it\/api\/wp\/v2\/users\/5228"}],"replies":[{"embeddable":true,"href":"https:\/\/www.youreporter.it\/api\/wp\/v2\/comments?post=108818"}],"version-history":[{"count":0,"href":"https:\/\/www.youreporter.it\/api\/wp\/v2\/video\/108818\/revisions"}],"wp:attachment":[{"href":"https:\/\/www.youreporter.it\/api\/wp\/v2\/media?parent=108818"}],"wp:term":[{"taxonomy":"category","embeddable":true,"href":"https:\/\/www.youreporter.it\/api\/wp\/v2\/categories?post=108818"},{"taxonomy":"post_tag","embeddable":true,"href":"https:\/\/www.youreporter.it\/api\/wp\/v2\/tags?post=108818"},{"taxonomy":"geo","embeddable":true,"href":"https:\/\/www.youreporter.it\/api\/wp\/v2\/geo?post=108818"}],"curies":[{"name":"wp","href":"https:\/\/api.w.org\/{rel}","templated":true}]}}

Corteo anti-Salvini, &#8220;Roma è antifascista! Andiamo avanti&#8221;

<p>Al grido di &#8220;Roma è antifascista!&#8221; il corteo, costituito probabilmente da più di un migliaio di persone, ha sfilato per le vie della Capitale da piazza Vittorio a Campo dei Fiori. Di Igor Riccelli</p>
