{"id":108662,"date":"2015-03-26T20:22:47","date_gmt":"2015-03-26T20:22:47","guid":{"rendered":"https:\/\/www.youreporter.it\/video_incidente_aereo_unita_di_soccorso_sulla_zona_del_disastro\/"},"modified":"2015-03-26T20:22:47","modified_gmt":"2015-03-26T20:22:47","slug":"video_incidente_aereo_unita_di_soccorso_sulla_zona_del_disastro","status":"publish","type":"video","link":"https:\/\/www.youreporter.it\/video\/video_incidente_aereo_unita_di_soccorso_sulla_zona_del_disastro\/","title":{"rendered":"Incidente aereo, unit\u00e0 di soccorso sulla zona del disastro"},"content":{"rendered":"<p>Incidente aereo Seyne Les Alpes. Unit\u00e0 di soccorso dispiegate sulla zona del disastro. Immagini: Ministere de l&#8217;interieur. Cr\u00e9dit : MI\/SG\/DICOM\/F.Pellier et P.Chabaud<\/p>\n","protected":false},"author":5228,"featured_media":0,"comment_status":"closed","ping_status":"closed","template":"","categories":[1],"tags":[],"geo":[5500],"class_list":{"0":"post-108662","1":"video","2":"type-video","3":"status-publish","5":"category-cronaca","6":"geo-mombello-di-torino"},"acf":[],"_links":{"self":[{"href":"https:\/\/www.youreporter.it\/api\/wp\/v2\/video\/108662"}],"collection":[{"href":"https:\/\/www.youreporter.it\/api\/wp\/v2\/video"}],"about":[{"href":"https:\/\/www.youreporter.it\/api\/wp\/v2\/types\/video"}],"author":[{"embeddable":true,"href":"https:\/\/www.youreporter.it\/api\/wp\/v2\/users\/5228"}],"replies":[{"embeddable":true,"href":"https:\/\/www.youreporter.it\/api\/wp\/v2\/comments?post=108662"}],"version-history":[{"count":0,"href":"https:\/\/www.youreporter.it\/api\/wp\/v2\/video\/108662\/revisions"}],"wp:attachment":[{"href":"https:\/\/www.youreporter.it\/api\/wp\/v2\/media?parent=108662"}],"wp:term":[{"taxonomy":"category","embeddable":true,"href":"https:\/\/www.youreporter.it\/api\/wp\/v2\/categories?post=108662"},{"taxonomy":"post_tag","embeddable":true,"href":"https:\/\/www.youreporter.it\/api\/wp\/v2\/tags?post=108662"},{"taxonomy":"geo","embeddable":true,"href":"https:\/\/www.youreporter.it\/api\/wp\/v2\/geo?post=108662"}],"curies":[{"name":"wp","href":"https:\/\/api.w.org\/{rel}","templated":true}]}}

Incidente aereo, unità di soccorso sulla zona del disastro

<p>Incidente aereo Seyne Les Alpes. Unità di soccorso dispiegate sulla zona del disastro. Immagini: Ministere de l&#8217;interieur. Crédit : MI/SG/DICOM/F.Pellier et P.Chabaud</p>
