{"id":108628,"date":"2015-04-04T17:21:15","date_gmt":"2015-04-04T17:21:15","guid":{"rendered":"https:\/\/www.youreporter.it\/video_timelapse_l_eclissi_totale_di_luna_4_aprile\/"},"modified":"2015-04-04T17:21:15","modified_gmt":"2015-04-04T17:21:15","slug":"video_timelapse_l_eclissi_totale_di_luna_4_aprile","status":"publish","type":"video","link":"https:\/\/www.youreporter.it\/video\/video_timelapse_l_eclissi_totale_di_luna_4_aprile\/","title":{"rendered":"TIMELAPSE L&#8217;eclissi totale di luna 4 aprile"},"content":{"rendered":"<p>Le immagini velocizzate dell&#8217;intero fenomeno. Si \u00e8 trattato dell&#8217;eclissi pi\u00f9 breve del secolo. A soli pochi giorni dall&#8217;eclissi di sole del 20 marzo, questa volta \u00e8 toccato alla luna che \u00e8 stata coperta dall&#8217;ombra della Terra. Nell&#8217;ultima fase del fenomeno la luna si \u00e8 tinta di rosso, l&#8217;aspetto saliente di questo tipo di eclissi, denominate anche eclissi di sangue. Il fenomeno \u00e8 stato visibile in Asia orientale, Oceania e America occidentale.<\/p>\n","protected":false},"author":5228,"featured_media":0,"comment_status":"closed","ping_status":"closed","template":"","categories":[1],"tags":[],"geo":[51,3629],"class_list":{"0":"post-108628","1":"video","2":"type-video","3":"status-publish","5":"category-cronaca","6":"geo-lombardia","7":"geo-milano"},"acf":[],"_links":{"self":[{"href":"https:\/\/www.youreporter.it\/api\/wp\/v2\/video\/108628"}],"collection":[{"href":"https:\/\/www.youreporter.it\/api\/wp\/v2\/video"}],"about":[{"href":"https:\/\/www.youreporter.it\/api\/wp\/v2\/types\/video"}],"author":[{"embeddable":true,"href":"https:\/\/www.youreporter.it\/api\/wp\/v2\/users\/5228"}],"replies":[{"embeddable":true,"href":"https:\/\/www.youreporter.it\/api\/wp\/v2\/comments?post=108628"}],"version-history":[{"count":0,"href":"https:\/\/www.youreporter.it\/api\/wp\/v2\/video\/108628\/revisions"}],"wp:attachment":[{"href":"https:\/\/www.youreporter.it\/api\/wp\/v2\/media?parent=108628"}],"wp:term":[{"taxonomy":"category","embeddable":true,"href":"https:\/\/www.youreporter.it\/api\/wp\/v2\/categories?post=108628"},{"taxonomy":"post_tag","embeddable":true,"href":"https:\/\/www.youreporter.it\/api\/wp\/v2\/tags?post=108628"},{"taxonomy":"geo","embeddable":true,"href":"https:\/\/www.youreporter.it\/api\/wp\/v2\/geo?post=108628"}],"curies":[{"name":"wp","href":"https:\/\/api.w.org\/{rel}","templated":true}]}}

<p>Le immagini velocizzate dell&#8217;intero fenomeno. Si è trattato dell&#8217;eclissi più breve del secolo. A soli pochi giorni dall&#8217;eclissi di sole del 20 marzo, questa volta è toccato alla luna che è stata coperta dall&#8217;ombra della Terra. Nell&#8217;ultima fase del fenomeno la luna si è tinta di rosso, l&#8217;aspetto saliente di questo tipo di eclissi, denominate anche eclissi di sangue. Il fenomeno è stato visibile in Asia orientale, Oceania e America occidentale.</p>
