{"id":108584,"date":"2015-04-15T16:27:03","date_gmt":"2015-04-15T16:27:03","guid":{"rendered":"https:\/\/www.youreporter.it\/video_funerali_di_stato_vittime_tribunale_milano_le_autorita\/"},"modified":"2015-04-15T16:27:03","modified_gmt":"2015-04-15T16:27:03","slug":"video_funerali_di_stato_vittime_tribunale_milano_le_autorita","status":"publish","type":"video","link":"https:\/\/www.youreporter.it\/video\/video_funerali_di_stato_vittime_tribunale_milano_le_autorita\/","title":{"rendered":"Funerali di Stato vittime Tribunale Milano, le autorit\u00e0"},"content":{"rendered":"<p>Ai funerali di Stato di 2 delle vittime della sparatoria al Tribunale di Milano gioved\u00ec scorso, arrivano le autorit\u00e0. Duomo blindatissimo. Tra loro il presidente della Repubblica Mattarella, il presidente della Camera Boldrini, il sindaco Pisapia, il presidente della Regione Roberto Maroni. Le vittime sono il giudice Fernando Ciampi e l&#8217;avvocato Lorenzo Claris Appiani, uccisi.<\/p>\n","protected":false},"author":5228,"featured_media":0,"comment_status":"closed","ping_status":"closed","template":"","categories":[1],"tags":[],"geo":[51,3629],"class_list":{"0":"post-108584","1":"video","2":"type-video","3":"status-publish","5":"category-cronaca","6":"geo-lombardia","7":"geo-milano"},"acf":[],"_links":{"self":[{"href":"https:\/\/www.youreporter.it\/api\/wp\/v2\/video\/108584"}],"collection":[{"href":"https:\/\/www.youreporter.it\/api\/wp\/v2\/video"}],"about":[{"href":"https:\/\/www.youreporter.it\/api\/wp\/v2\/types\/video"}],"author":[{"embeddable":true,"href":"https:\/\/www.youreporter.it\/api\/wp\/v2\/users\/5228"}],"replies":[{"embeddable":true,"href":"https:\/\/www.youreporter.it\/api\/wp\/v2\/comments?post=108584"}],"version-history":[{"count":0,"href":"https:\/\/www.youreporter.it\/api\/wp\/v2\/video\/108584\/revisions"}],"wp:attachment":[{"href":"https:\/\/www.youreporter.it\/api\/wp\/v2\/media?parent=108584"}],"wp:term":[{"taxonomy":"category","embeddable":true,"href":"https:\/\/www.youreporter.it\/api\/wp\/v2\/categories?post=108584"},{"taxonomy":"post_tag","embeddable":true,"href":"https:\/\/www.youreporter.it\/api\/wp\/v2\/tags?post=108584"},{"taxonomy":"geo","embeddable":true,"href":"https:\/\/www.youreporter.it\/api\/wp\/v2\/geo?post=108584"}],"curies":[{"name":"wp","href":"https:\/\/api.w.org\/{rel}","templated":true}]}}

Funerali di Stato vittime Tribunale Milano, le autorità

<p>Ai funerali di Stato di 2 delle vittime della sparatoria al Tribunale di Milano giovedì scorso, arrivano le autorità. Duomo blindatissimo. Tra loro il presidente della Repubblica Mattarella, il presidente della Camera Boldrini, il sindaco Pisapia, il presidente della Regione Roberto Maroni. Le vittime sono il giudice Fernando Ciampi e l&#8217;avvocato Lorenzo Claris Appiani, uccisi.</p>
