{"id":108449,"date":"2015-05-05T11:28:42","date_gmt":"2015-05-05T11:28:42","guid":{"rendered":"https:\/\/www.youreporter.it\/video_scuola_insegnanti_imbavagliati_mai_piu_voto_al_pd\/"},"modified":"2015-05-05T11:28:42","modified_gmt":"2015-05-05T11:28:42","slug":"video_scuola_insegnanti_imbavagliati_mai_piu_voto_al_pd","status":"publish","type":"video","link":"https:\/\/www.youreporter.it\/video\/video_scuola_insegnanti_imbavagliati_mai_piu_voto_al_pd\/","title":{"rendered":"Scuola: insegnanti imbavagliati, &#8220;mai pi\u00f9 voto al PD&#8221;"},"content":{"rendered":"<p>&#8220;La buona scuola ci ha tolto la parola&#8221;. Stanno sfilando cos\u00ec gli insegnati che stanno partecipando al corteo di protesta per le strade di Milano. Tra gli striscioni ce n&#8217;\u00e8 uno con scritto: &#8220;mai pi\u00f9 voto PD&#8221;.<\/p>\n","protected":false},"author":5228,"featured_media":0,"comment_status":"closed","ping_status":"closed","template":"","categories":[1],"tags":[],"geo":[51,3629],"class_list":{"0":"post-108449","1":"video","2":"type-video","3":"status-publish","5":"category-cronaca","6":"geo-lombardia","7":"geo-milano"},"acf":[],"_links":{"self":[{"href":"https:\/\/www.youreporter.it\/api\/wp\/v2\/video\/108449"}],"collection":[{"href":"https:\/\/www.youreporter.it\/api\/wp\/v2\/video"}],"about":[{"href":"https:\/\/www.youreporter.it\/api\/wp\/v2\/types\/video"}],"author":[{"embeddable":true,"href":"https:\/\/www.youreporter.it\/api\/wp\/v2\/users\/5228"}],"replies":[{"embeddable":true,"href":"https:\/\/www.youreporter.it\/api\/wp\/v2\/comments?post=108449"}],"version-history":[{"count":0,"href":"https:\/\/www.youreporter.it\/api\/wp\/v2\/video\/108449\/revisions"}],"wp:attachment":[{"href":"https:\/\/www.youreporter.it\/api\/wp\/v2\/media?parent=108449"}],"wp:term":[{"taxonomy":"category","embeddable":true,"href":"https:\/\/www.youreporter.it\/api\/wp\/v2\/categories?post=108449"},{"taxonomy":"post_tag","embeddable":true,"href":"https:\/\/www.youreporter.it\/api\/wp\/v2\/tags?post=108449"},{"taxonomy":"geo","embeddable":true,"href":"https:\/\/www.youreporter.it\/api\/wp\/v2\/geo?post=108449"}],"curies":[{"name":"wp","href":"https:\/\/api.w.org\/{rel}","templated":true}]}}

Scuola: insegnanti imbavagliati, &#8220;mai più voto al PD&#8221;

<p>&#8220;La buona scuola ci ha tolto la parola&#8221;. Stanno sfilando così gli insegnati che stanno partecipando al corteo di protesta per le strade di Milano. Tra gli striscioni ce n&#8217;è uno con scritto: &#8220;mai più voto PD&#8221;.</p>
