{"id":108422,"date":"2015-05-08T12:59:50","date_gmt":"2015-05-08T12:59:50","guid":{"rendered":"https:\/\/www.youreporter.it\/video_incendio_a_fiumicino_sciarpe_e_mascherine_per_proteggersi\/"},"modified":"2015-05-08T12:59:50","modified_gmt":"2015-05-08T12:59:50","slug":"video_incendio_a_fiumicino_sciarpe_e_mascherine_per_proteggersi","status":"publish","type":"video","link":"https:\/\/www.youreporter.it\/video\/video_incendio_a_fiumicino_sciarpe_e_mascherine_per_proteggersi\/","title":{"rendered":"Incendio a Fiumicino: sciarpe e mascherine per proteggersi"},"content":{"rendered":"<p>Lo scalo di Fiumicino, dopo l&#8217;incendio che ha devastato nella giornata di ieri l&#8217;area del terminal 3, \u00e8 stato riaperto. L&#8217;odore acre causato dall&#8217;incendio \u00e8 per\u00f2 ancora nell&#8217;aria, e molti si proteggono con sciarpe e mascherine<\/p>\n","protected":false},"author":5228,"featured_media":0,"comment_status":"closed","ping_status":"closed","template":"","categories":[1],"tags":[],"geo":[2294,49,2254],"class_list":{"0":"post-108422","1":"video","2":"type-video","3":"status-publish","5":"category-cronaca","6":"geo-fiumicino","7":"geo-lazio","8":"geo-roma"},"acf":[],"_links":{"self":[{"href":"https:\/\/www.youreporter.it\/api\/wp\/v2\/video\/108422"}],"collection":[{"href":"https:\/\/www.youreporter.it\/api\/wp\/v2\/video"}],"about":[{"href":"https:\/\/www.youreporter.it\/api\/wp\/v2\/types\/video"}],"author":[{"embeddable":true,"href":"https:\/\/www.youreporter.it\/api\/wp\/v2\/users\/5228"}],"replies":[{"embeddable":true,"href":"https:\/\/www.youreporter.it\/api\/wp\/v2\/comments?post=108422"}],"version-history":[{"count":0,"href":"https:\/\/www.youreporter.it\/api\/wp\/v2\/video\/108422\/revisions"}],"wp:attachment":[{"href":"https:\/\/www.youreporter.it\/api\/wp\/v2\/media?parent=108422"}],"wp:term":[{"taxonomy":"category","embeddable":true,"href":"https:\/\/www.youreporter.it\/api\/wp\/v2\/categories?post=108422"},{"taxonomy":"post_tag","embeddable":true,"href":"https:\/\/www.youreporter.it\/api\/wp\/v2\/tags?post=108422"},{"taxonomy":"geo","embeddable":true,"href":"https:\/\/www.youreporter.it\/api\/wp\/v2\/geo?post=108422"}],"curies":[{"name":"wp","href":"https:\/\/api.w.org\/{rel}","templated":true}]}}

<p>Lo scalo di Fiumicino, dopo l&#8217;incendio che ha devastato nella giornata di ieri l&#8217;area del terminal 3, è stato riaperto. L&#8217;odore acre causato dall&#8217;incendio è però ancora nell&#8217;aria, e molti si proteggono con sciarpe e mascherine</p>
