{"id":108420,"date":"2015-05-08T14:49:11","date_gmt":"2015-05-08T14:49:11","guid":{"rendered":"https:\/\/www.youreporter.it\/video_fiumicino_ritardi_cancellazioni_e_attese_dopo_l_incendio\/"},"modified":"2015-05-08T14:49:11","modified_gmt":"2015-05-08T14:49:11","slug":"video_fiumicino_ritardi_cancellazioni_e_attese_dopo_l_incendio","status":"publish","type":"video","link":"https:\/\/www.youreporter.it\/video\/video_fiumicino_ritardi_cancellazioni_e_attese_dopo_l_incendio\/","title":{"rendered":"Fiumicino: ritardi, cancellazioni e attese dopo l&#8217;incendio"},"content":{"rendered":"<p>La situazione a Fiumicino torna lentamente alla normalit\u00e0, dopo l&#8217;incendio divampato nella notte tra mercoled\u00ec&#8217; e gioved\u00ec. Le attese sono lunghe e i voli cancellati ancora molti. <\/p>\n","protected":false},"author":5228,"featured_media":0,"comment_status":"closed","ping_status":"closed","template":"","categories":[1],"tags":[],"geo":[2294,49,2254],"class_list":{"0":"post-108420","1":"video","2":"type-video","3":"status-publish","5":"category-cronaca","6":"geo-fiumicino","7":"geo-lazio","8":"geo-roma"},"acf":[],"_links":{"self":[{"href":"https:\/\/www.youreporter.it\/api\/wp\/v2\/video\/108420"}],"collection":[{"href":"https:\/\/www.youreporter.it\/api\/wp\/v2\/video"}],"about":[{"href":"https:\/\/www.youreporter.it\/api\/wp\/v2\/types\/video"}],"author":[{"embeddable":true,"href":"https:\/\/www.youreporter.it\/api\/wp\/v2\/users\/5228"}],"replies":[{"embeddable":true,"href":"https:\/\/www.youreporter.it\/api\/wp\/v2\/comments?post=108420"}],"version-history":[{"count":0,"href":"https:\/\/www.youreporter.it\/api\/wp\/v2\/video\/108420\/revisions"}],"wp:attachment":[{"href":"https:\/\/www.youreporter.it\/api\/wp\/v2\/media?parent=108420"}],"wp:term":[{"taxonomy":"category","embeddable":true,"href":"https:\/\/www.youreporter.it\/api\/wp\/v2\/categories?post=108420"},{"taxonomy":"post_tag","embeddable":true,"href":"https:\/\/www.youreporter.it\/api\/wp\/v2\/tags?post=108420"},{"taxonomy":"geo","embeddable":true,"href":"https:\/\/www.youreporter.it\/api\/wp\/v2\/geo?post=108420"}],"curies":[{"name":"wp","href":"https:\/\/api.w.org\/{rel}","templated":true}]}}

<p>La situazione a Fiumicino torna lentamente alla normalità, dopo l&#8217;incendio divampato nella notte tra mercoledì&#8217; e giovedì. Le attese sono lunghe e i voli cancellati ancora molti. </p>
