{"id":108399,"date":"2015-05-13T12:49:56","date_gmt":"2015-05-13T12:49:56","guid":{"rendered":"https:\/\/www.youreporter.it\/video_ebola_il_trasporto_del_medico_di_emergency_su_c-130\/"},"modified":"2015-05-13T12:49:56","modified_gmt":"2015-05-13T12:49:56","slug":"video_ebola_il_trasporto_del_medico_di_emergency_su_c-130","status":"publish","type":"video","link":"https:\/\/www.youreporter.it\/video\/video_ebola_il_trasporto_del_medico_di_emergency_su_c-130\/","title":{"rendered":"Ebola, il trasporto del medico di Emergency su C-130"},"content":{"rendered":"<p>Le immagini dell&#8217;arrivo a bordo di un C-130 della 46^ Brigata Aerea dell&#8217;Aeronautica Militare dell&#8217;infermiere di Emergency che ha contratto ebola. L&#8217;uomo \u00e8 stato prelevato con una speciale barella aviotrasportabile &#8220;A.T.I.&#8221; (Aircraft Transport Isolator).<br \/>\nLa capacit\u00e0 di effettuare trasporti di malati altamente infettivi attraverso l&#8217;utilizzo di speciali barelle isolate \u00e8 una peculiarit\u00e0 dell&#8217;Aeronautica Militare che, lo scorso 24 novembre ha riportato in Italia, dalla Sierra Leone, Fabrizio Pulvirenti il medico di Emergency malato d&#8217;Ebola.<br \/>\nL&#8217;Aeronautica Militare ha sviluppato la capacit\u00e0 di evacuazione aeromedica in bio-contenimento fin dal 2005, operando uno stretto coordinamento sia con il Ministero della Salute, sia con il Dipartimento della Protezione Civile; tale capacit\u00e0 si basa sull&#8217;utilizzo di speciali barelle aviotrasportabili &#8220;A.T.I.&#8221; (Aircraft Transport Isolator) e dei pi\u00f9 piccoli sistemi terrestri &#8220;S.T.I.&#8221; (Stretcher Transit Isolator), indispensabili al momento del trasbordo del paziente dall&#8217;aeromobile all&#8217;ambulanza. Il trasporto aereo in &#8220;bio-contenimento&#8221; su lunga tratta viene attualmente svolto su velivoli C-130 J &#8220;Hercules&#8221;, C-27 J &#8220;Spartan&#8221; e KC-767.<\/p>\n","protected":false},"author":5228,"featured_media":0,"comment_status":"closed","ping_status":"closed","template":"","categories":[1],"tags":[],"geo":[2254],"class_list":{"0":"post-108399","1":"video","2":"type-video","3":"status-publish","5":"category-cronaca","6":"geo-roma"},"acf":[],"_links":{"self":[{"href":"https:\/\/www.youreporter.it\/api\/wp\/v2\/video\/108399"}],"collection":[{"href":"https:\/\/www.youreporter.it\/api\/wp\/v2\/video"}],"about":[{"href":"https:\/\/www.youreporter.it\/api\/wp\/v2\/types\/video"}],"author":[{"embeddable":true,"href":"https:\/\/www.youreporter.it\/api\/wp\/v2\/users\/5228"}],"replies":[{"embeddable":true,"href":"https:\/\/www.youreporter.it\/api\/wp\/v2\/comments?post=108399"}],"version-history":[{"count":0,"href":"https:\/\/www.youreporter.it\/api\/wp\/v2\/video\/108399\/revisions"}],"wp:attachment":[{"href":"https:\/\/www.youreporter.it\/api\/wp\/v2\/media?parent=108399"}],"wp:term":[{"taxonomy":"category","embeddable":true,"href":"https:\/\/www.youreporter.it\/api\/wp\/v2\/categories?post=108399"},{"taxonomy":"post_tag","embeddable":true,"href":"https:\/\/www.youreporter.it\/api\/wp\/v2\/tags?post=108399"},{"taxonomy":"geo","embeddable":true,"href":"https:\/\/www.youreporter.it\/api\/wp\/v2\/geo?post=108399"}],"curies":[{"name":"wp","href":"https:\/\/api.w.org\/{rel}","templated":true}]}}

<p>Le immagini dell&#8217;arrivo a bordo di un C-130 della 46^ Brigata Aerea dell&#8217;Aeronautica Militare dell&#8217;infermiere di Emergency che ha contratto ebola. L&#8217;uomo è stato prelevato con una speciale barella aviotrasportabile &#8220;A.T.I.&#8221; (Aircraft Transport Isolator).<br />
La capacità di effettuare trasporti di malati altamente infettivi attraverso l&#8217;utilizzo di speciali barelle isolate è una peculiarità dell&#8217;Aeronautica Militare che, lo scorso 24 novembre ha riportato in Italia, dalla Sierra Leone, Fabrizio Pulvirenti il medico di Emergency malato d&#8217;Ebola.<br />
L&#8217;Aeronautica Militare ha sviluppato la capacità di evacuazione aeromedica in bio-contenimento fin dal 2005, operando uno stretto coordinamento sia con il Ministero della Salute, sia con il Dipartimento della Protezione Civile; tale capacità si basa sull&#8217;utilizzo di speciali barelle aviotrasportabili &#8220;A.T.I.&#8221; (Aircraft Transport Isolator) e dei più piccoli sistemi terrestri &#8220;S.T.I.&#8221; (Stretcher Transit Isolator), indispensabili al momento del trasbordo del paziente dall&#8217;aeromobile all&#8217;ambulanza. Il trasporto aereo in &#8220;bio-contenimento&#8221; su lunga tratta viene attualmente svolto su velivoli C-130 J &#8220;Hercules&#8221;, C-27 J &#8220;Spartan&#8221; e KC-767.</p>
