{"id":108311,"date":"2015-05-31T12:14:24","date_gmt":"2015-05-31T12:14:24","guid":{"rendered":"https:\/\/www.youreporter.it\/video_campo_rom_via_della_monachina_abbiamo_paura\/"},"modified":"2015-05-31T12:14:24","modified_gmt":"2015-05-31T12:14:24","slug":"video_campo_rom_via_della_monachina_abbiamo_paura","status":"publish","type":"video","link":"https:\/\/www.youreporter.it\/video\/video_campo_rom_via_della_monachina_abbiamo_paura\/","title":{"rendered":"Campo Rom via della Monachina: &#8220;Abbiamo paura&#8221;"},"content":{"rendered":"<p>Le forze di polizia presidiano il campo rom di via della Monachina, luogo di appartenenza dei 2 giovani ritenuti responsabili della morte di una 44enne filippina a Roma, investita dalla loro auto mercoled\u00ec scorso. Dei 2 giovani non c&#8217;\u00e8 traccia; al campo i famigliari sono preoccupati per la sorte dei 2 ragazzi e per loro stessi, poich\u00e9 si sentono minacciati da possibili ritorsioni<\/p>\n","protected":false},"author":5228,"featured_media":0,"comment_status":"closed","ping_status":"closed","template":"","categories":[1],"tags":[],"geo":[2254],"class_list":{"0":"post-108311","1":"video","2":"type-video","3":"status-publish","5":"category-cronaca","6":"geo-roma"},"acf":[],"_links":{"self":[{"href":"https:\/\/www.youreporter.it\/api\/wp\/v2\/video\/108311"}],"collection":[{"href":"https:\/\/www.youreporter.it\/api\/wp\/v2\/video"}],"about":[{"href":"https:\/\/www.youreporter.it\/api\/wp\/v2\/types\/video"}],"author":[{"embeddable":true,"href":"https:\/\/www.youreporter.it\/api\/wp\/v2\/users\/5228"}],"replies":[{"embeddable":true,"href":"https:\/\/www.youreporter.it\/api\/wp\/v2\/comments?post=108311"}],"version-history":[{"count":0,"href":"https:\/\/www.youreporter.it\/api\/wp\/v2\/video\/108311\/revisions"}],"wp:attachment":[{"href":"https:\/\/www.youreporter.it\/api\/wp\/v2\/media?parent=108311"}],"wp:term":[{"taxonomy":"category","embeddable":true,"href":"https:\/\/www.youreporter.it\/api\/wp\/v2\/categories?post=108311"},{"taxonomy":"post_tag","embeddable":true,"href":"https:\/\/www.youreporter.it\/api\/wp\/v2\/tags?post=108311"},{"taxonomy":"geo","embeddable":true,"href":"https:\/\/www.youreporter.it\/api\/wp\/v2\/geo?post=108311"}],"curies":[{"name":"wp","href":"https:\/\/api.w.org\/{rel}","templated":true}]}}

<p>Le forze di polizia presidiano il campo rom di via della Monachina, luogo di appartenenza dei 2 giovani ritenuti responsabili della morte di una 44enne filippina a Roma, investita dalla loro auto mercoledì scorso. Dei 2 giovani non c&#8217;è traccia; al campo i famigliari sono preoccupati per la sorte dei 2 ragazzi e per loro stessi, poiché si sentono minacciati da possibili ritorsioni</p>
