{"id":108281,"date":"2015-06-11T13:22:08","date_gmt":"2015-06-11T13:22:08","guid":{"rendered":"https:\/\/www.youreporter.it\/video_samantha_cristoforetti_torna_sulla_terra_distacco_dall_iss\/"},"modified":"2015-06-11T13:22:08","modified_gmt":"2015-06-11T13:22:08","slug":"video_samantha_cristoforetti_torna_sulla_terra_distacco_dall_iss","status":"publish","type":"video","link":"https:\/\/www.youreporter.it\/video\/video_samantha_cristoforetti_torna_sulla_terra_distacco_dall_iss\/","title":{"rendered":"Samantha Cristoforetti torna sulla Terra, distacco dall&#8217;Iss"},"content":{"rendered":"<p>Dopo quasi 200 giorni nello spazio, Samantha Cristoforetti torna sulla Terra. Il distacco della Soyuz dalla Stazione Spaziale Internazionale \u00e8 avvenuto intorno alle 12.20. Un paio d&#8217;ore pi\u00f9 tardi, alle 14.30, prender\u00e0 il via la fase finale del rientro sulla Terra, con la navetta che dovrebbe atterrare nella steppa del Kazakistan alle 15.43 ora italiana.<\/p>\n","protected":false},"author":5228,"featured_media":0,"comment_status":"closed","ping_status":"closed","template":"","categories":[1],"tags":[],"geo":[3629],"class_list":{"0":"post-108281","1":"video","2":"type-video","3":"status-publish","5":"category-cronaca","6":"geo-milano"},"acf":[],"_links":{"self":[{"href":"https:\/\/www.youreporter.it\/api\/wp\/v2\/video\/108281"}],"collection":[{"href":"https:\/\/www.youreporter.it\/api\/wp\/v2\/video"}],"about":[{"href":"https:\/\/www.youreporter.it\/api\/wp\/v2\/types\/video"}],"author":[{"embeddable":true,"href":"https:\/\/www.youreporter.it\/api\/wp\/v2\/users\/5228"}],"replies":[{"embeddable":true,"href":"https:\/\/www.youreporter.it\/api\/wp\/v2\/comments?post=108281"}],"version-history":[{"count":0,"href":"https:\/\/www.youreporter.it\/api\/wp\/v2\/video\/108281\/revisions"}],"wp:attachment":[{"href":"https:\/\/www.youreporter.it\/api\/wp\/v2\/media?parent=108281"}],"wp:term":[{"taxonomy":"category","embeddable":true,"href":"https:\/\/www.youreporter.it\/api\/wp\/v2\/categories?post=108281"},{"taxonomy":"post_tag","embeddable":true,"href":"https:\/\/www.youreporter.it\/api\/wp\/v2\/tags?post=108281"},{"taxonomy":"geo","embeddable":true,"href":"https:\/\/www.youreporter.it\/api\/wp\/v2\/geo?post=108281"}],"curies":[{"name":"wp","href":"https:\/\/api.w.org\/{rel}","templated":true}]}}

<p>Dopo quasi 200 giorni nello spazio, Samantha Cristoforetti torna sulla Terra. Il distacco della Soyuz dalla Stazione Spaziale Internazionale è avvenuto intorno alle 12.20. Un paio d&#8217;ore più tardi, alle 14.30, prenderà il via la fase finale del rientro sulla Terra, con la navetta che dovrebbe atterrare nella steppa del Kazakistan alle 15.43 ora italiana.</p>
