{"id":108277,"date":"2015-06-14T16:24:07","date_gmt":"2015-06-14T16:24:07","guid":{"rendered":"https:\/\/www.youreporter.it\/video_violento_scontro_tra_auto_e_ambulanza_a_milano\/"},"modified":"2015-06-14T16:24:07","modified_gmt":"2015-06-14T16:24:07","slug":"video_violento_scontro_tra_auto_e_ambulanza_a_milano","status":"publish","type":"video","link":"https:\/\/www.youreporter.it\/video\/video_violento_scontro_tra_auto_e_ambulanza_a_milano\/","title":{"rendered":"Violento scontro tra auto e ambulanza a Milano"},"content":{"rendered":"<p>Uno scontro violento tra un&#8217;ambulanza e un&#8217;automobile \u00e8 avvenuto il pomeriggio di domenica 14 giugno intorno alle 16. L&#8217;incidente \u00e8 avvenuto tra viale Teodorico e via Colonna in zona Portello a Milano. Un semaforo \u00e8 stato abbattuto nell&#8217;incidente.<\/p>\n","protected":false},"author":5228,"featured_media":0,"comment_status":"closed","ping_status":"closed","template":"","categories":[1],"tags":[],"geo":[51,3629],"class_list":{"0":"post-108277","1":"video","2":"type-video","3":"status-publish","5":"category-cronaca","6":"geo-lombardia","7":"geo-milano"},"acf":[],"_links":{"self":[{"href":"https:\/\/www.youreporter.it\/api\/wp\/v2\/video\/108277"}],"collection":[{"href":"https:\/\/www.youreporter.it\/api\/wp\/v2\/video"}],"about":[{"href":"https:\/\/www.youreporter.it\/api\/wp\/v2\/types\/video"}],"author":[{"embeddable":true,"href":"https:\/\/www.youreporter.it\/api\/wp\/v2\/users\/5228"}],"replies":[{"embeddable":true,"href":"https:\/\/www.youreporter.it\/api\/wp\/v2\/comments?post=108277"}],"version-history":[{"count":0,"href":"https:\/\/www.youreporter.it\/api\/wp\/v2\/video\/108277\/revisions"}],"wp:attachment":[{"href":"https:\/\/www.youreporter.it\/api\/wp\/v2\/media?parent=108277"}],"wp:term":[{"taxonomy":"category","embeddable":true,"href":"https:\/\/www.youreporter.it\/api\/wp\/v2\/categories?post=108277"},{"taxonomy":"post_tag","embeddable":true,"href":"https:\/\/www.youreporter.it\/api\/wp\/v2\/tags?post=108277"},{"taxonomy":"geo","embeddable":true,"href":"https:\/\/www.youreporter.it\/api\/wp\/v2\/geo?post=108277"}],"curies":[{"name":"wp","href":"https:\/\/api.w.org\/{rel}","templated":true}]}}

<p>Uno scontro violento tra un&#8217;ambulanza e un&#8217;automobile è avvenuto il pomeriggio di domenica 14 giugno intorno alle 16. L&#8217;incidente è avvenuto tra viale Teodorico e via Colonna in zona Portello a Milano. Un semaforo è stato abbattuto nell&#8217;incidente.</p>
