{"id":108190,"date":"2015-07-02T17:38:56","date_gmt":"2015-07-02T17:38:56","guid":{"rendered":"https:\/\/www.youreporter.it\/video_grecia_la_rabbia_contro_la_germania_esplode_in_un_vaffa\/"},"modified":"2015-07-02T17:38:56","modified_gmt":"2015-07-02T17:38:56","slug":"video_grecia_la_rabbia_contro_la_germania_esplode_in_un_vaffa","status":"publish","type":"video","link":"https:\/\/www.youreporter.it\/video\/video_grecia_la_rabbia_contro_la_germania_esplode_in_un_vaffa\/","title":{"rendered":"Grecia, la rabbia contro la Germania esplode in un vaffa"},"content":{"rendered":"<p>Evangelous, uomo di mare &#8211; come lui stesso si definisce &#8211; non vuole pi\u00f9 stare in Europa, voter\u00e0 &#8216;No&#8217; al referendum di domenica ed \u00e8 molto arrabbiato con Angela Merkel e la Germania che, a suo dire, sta conducendo una nuova guerra, questa volta economica, contro i paesi pi\u00f9 poveri dell&#8217;Eurozona. Di Igor Riccelli<\/p>\n","protected":false},"author":5228,"featured_media":0,"comment_status":"closed","ping_status":"closed","template":"","categories":[1],"tags":[],"geo":[3629],"class_list":{"0":"post-108190","1":"video","2":"type-video","3":"status-publish","5":"category-cronaca","6":"geo-milano"},"acf":[],"_links":{"self":[{"href":"https:\/\/www.youreporter.it\/api\/wp\/v2\/video\/108190"}],"collection":[{"href":"https:\/\/www.youreporter.it\/api\/wp\/v2\/video"}],"about":[{"href":"https:\/\/www.youreporter.it\/api\/wp\/v2\/types\/video"}],"author":[{"embeddable":true,"href":"https:\/\/www.youreporter.it\/api\/wp\/v2\/users\/5228"}],"replies":[{"embeddable":true,"href":"https:\/\/www.youreporter.it\/api\/wp\/v2\/comments?post=108190"}],"version-history":[{"count":0,"href":"https:\/\/www.youreporter.it\/api\/wp\/v2\/video\/108190\/revisions"}],"wp:attachment":[{"href":"https:\/\/www.youreporter.it\/api\/wp\/v2\/media?parent=108190"}],"wp:term":[{"taxonomy":"category","embeddable":true,"href":"https:\/\/www.youreporter.it\/api\/wp\/v2\/categories?post=108190"},{"taxonomy":"post_tag","embeddable":true,"href":"https:\/\/www.youreporter.it\/api\/wp\/v2\/tags?post=108190"},{"taxonomy":"geo","embeddable":true,"href":"https:\/\/www.youreporter.it\/api\/wp\/v2\/geo?post=108190"}],"curies":[{"name":"wp","href":"https:\/\/api.w.org\/{rel}","templated":true}]}}

<p>Evangelous, uomo di mare &#8211; come lui stesso si definisce &#8211; non vuole più stare in Europa, voterà &#8216;No&#8217; al referendum di domenica ed è molto arrabbiato con Angela Merkel e la Germania che, a suo dire, sta conducendo una nuova guerra, questa volta economica, contro i paesi più poveri dell&#8217;Eurozona. Di Igor Riccelli</p>
