{"id":108160,"date":"2015-07-05T14:36:47","date_gmt":"2015-07-05T14:36:47","guid":{"rendered":"https:\/\/www.youreporter.it\/video_referendum_grecia_non_siamo_nemici_siamo_tutti_greci\/"},"modified":"2015-07-05T14:36:47","modified_gmt":"2015-07-05T14:36:47","slug":"video_referendum_grecia_non_siamo_nemici_siamo_tutti_greci","status":"publish","type":"video","link":"https:\/\/www.youreporter.it\/video\/video_referendum_grecia_non_siamo_nemici_siamo_tutti_greci\/","title":{"rendered":"Referendum Grecia &#8220;Non siamo nemici: siamo tutti Greci&#8221;"},"content":{"rendered":"<p>Anche se non se la sente di fare previsioni, Nikolas, sostenitore del &#8220;no&#8221; ci racconta il suo punto di vista e poi ci spiega che non vede i sostenitori del &#8220;s\u00ec&#8221; come nemici. &#8220;Siamo tutti Greci e affronteremo la nuova realt\u00e0 insieme. Non ci sono stati episodi di violenza tra le parti.&#8221; E aggiunge &#8220;La situazione \u00e8 difficile, ma non cos\u00ec difficile come la fanno passare certi media&#8221;<\/p>\n","protected":false},"author":5228,"featured_media":0,"comment_status":"closed","ping_status":"closed","template":"","categories":[1],"tags":[],"geo":[3629],"class_list":{"0":"post-108160","1":"video","2":"type-video","3":"status-publish","5":"category-cronaca","6":"geo-milano"},"acf":[],"_links":{"self":[{"href":"https:\/\/www.youreporter.it\/api\/wp\/v2\/video\/108160"}],"collection":[{"href":"https:\/\/www.youreporter.it\/api\/wp\/v2\/video"}],"about":[{"href":"https:\/\/www.youreporter.it\/api\/wp\/v2\/types\/video"}],"author":[{"embeddable":true,"href":"https:\/\/www.youreporter.it\/api\/wp\/v2\/users\/5228"}],"replies":[{"embeddable":true,"href":"https:\/\/www.youreporter.it\/api\/wp\/v2\/comments?post=108160"}],"version-history":[{"count":0,"href":"https:\/\/www.youreporter.it\/api\/wp\/v2\/video\/108160\/revisions"}],"wp:attachment":[{"href":"https:\/\/www.youreporter.it\/api\/wp\/v2\/media?parent=108160"}],"wp:term":[{"taxonomy":"category","embeddable":true,"href":"https:\/\/www.youreporter.it\/api\/wp\/v2\/categories?post=108160"},{"taxonomy":"post_tag","embeddable":true,"href":"https:\/\/www.youreporter.it\/api\/wp\/v2\/tags?post=108160"},{"taxonomy":"geo","embeddable":true,"href":"https:\/\/www.youreporter.it\/api\/wp\/v2\/geo?post=108160"}],"curies":[{"name":"wp","href":"https:\/\/api.w.org\/{rel}","templated":true}]}}

<p>Anche se non se la sente di fare previsioni, Nikolas, sostenitore del &#8220;no&#8221; ci racconta il suo punto di vista e poi ci spiega che non vede i sostenitori del &#8220;sì&#8221; come nemici. &#8220;Siamo tutti Greci e affronteremo la nuova realtà insieme. Non ci sono stati episodi di violenza tra le parti.&#8221; E aggiunge &#8220;La situazione è difficile, ma non così difficile come la fanno passare certi media&#8221;</p>
