{"id":107958,"date":"2015-08-10T18:46:06","date_gmt":"2015-08-10T18:46:06","guid":{"rendered":"https:\/\/www.youreporter.it\/video_maltempo_10_agosto_il_giro_d_italia_coi_vostri_video\/"},"modified":"2015-08-10T18:46:06","modified_gmt":"2015-08-10T18:46:06","slug":"video_maltempo_10_agosto_il_giro_d_italia_coi_vostri_video","status":"publish","type":"video","link":"https:\/\/www.youreporter.it\/video\/video_maltempo_10_agosto_il_giro_d_italia_coi_vostri_video\/","title":{"rendered":"Maltempo 10 Agosto, il giro d&#8217;Italia coi vostri video"},"content":{"rendered":"<p>Tutta l&#8217;Italia \u00e8 stata colpita, tra la serata di ieri e la mattinata di oggi, da una forte ondata di maltempo che ha portato un po&#8217; di fresco ma anche molti disagi. La zona pi\u00f9 colpita \u00e8 stata Civitavecchia, dove si \u00e8 venuta a formare una tromba d&#8217;aria.<\/p>\n","protected":false},"author":5228,"featured_media":0,"comment_status":"closed","ping_status":"closed","template":"","categories":[1],"tags":[],"geo":[2288,49,2254],"class_list":{"0":"post-107958","1":"video","2":"type-video","3":"status-publish","5":"category-cronaca","6":"geo-civitavecchia","7":"geo-lazio","8":"geo-roma"},"acf":[],"_links":{"self":[{"href":"https:\/\/www.youreporter.it\/api\/wp\/v2\/video\/107958"}],"collection":[{"href":"https:\/\/www.youreporter.it\/api\/wp\/v2\/video"}],"about":[{"href":"https:\/\/www.youreporter.it\/api\/wp\/v2\/types\/video"}],"author":[{"embeddable":true,"href":"https:\/\/www.youreporter.it\/api\/wp\/v2\/users\/5228"}],"replies":[{"embeddable":true,"href":"https:\/\/www.youreporter.it\/api\/wp\/v2\/comments?post=107958"}],"version-history":[{"count":0,"href":"https:\/\/www.youreporter.it\/api\/wp\/v2\/video\/107958\/revisions"}],"wp:attachment":[{"href":"https:\/\/www.youreporter.it\/api\/wp\/v2\/media?parent=107958"}],"wp:term":[{"taxonomy":"category","embeddable":true,"href":"https:\/\/www.youreporter.it\/api\/wp\/v2\/categories?post=107958"},{"taxonomy":"post_tag","embeddable":true,"href":"https:\/\/www.youreporter.it\/api\/wp\/v2\/tags?post=107958"},{"taxonomy":"geo","embeddable":true,"href":"https:\/\/www.youreporter.it\/api\/wp\/v2\/geo?post=107958"}],"curies":[{"name":"wp","href":"https:\/\/api.w.org\/{rel}","templated":true}]}}

<p>Tutta l&#8217;Italia è stata colpita, tra la serata di ieri e la mattinata di oggi, da una forte ondata di maltempo che ha portato un po&#8217; di fresco ma anche molti disagi. La zona più colpita è stata Civitavecchia, dove si è venuta a formare una tromba d&#8217;aria.</p>
