{"id":107908,"date":"2015-08-25T13:05:30","date_gmt":"2015-08-25T13:05:30","guid":{"rendered":"https:\/\/www.youreporter.it\/video_migranti_bresso_tv_e_giornalisti_allontanati_durante_carica\/"},"modified":"2015-08-25T13:05:30","modified_gmt":"2015-08-25T13:05:30","slug":"video_migranti_bresso_tv_e_giornalisti_allontanati_durante_carica","status":"publish","type":"video","link":"https:\/\/www.youreporter.it\/video\/video_migranti_bresso_tv_e_giornalisti_allontanati_durante_carica\/","title":{"rendered":"Migranti Bresso, tv e giornalisti allontanati durante carica"},"content":{"rendered":"<p>Nuove immagini che mostrano la dinamica di quanto accaduto ieri a Bresso e spiegano anche perch\u00e9 della carica ci siano solo pochi secondi di immagini da una prospettiva ravvicinata, mentre il respingimento \u00e8 durato molto di pi\u00f9. Ai giornalisti \u00e8 stata di fatto impedita la possibilit\u00e0 di documentare l&#8217;intervento degli agenti dei reparti antisommossa.<\/p>\n<p>Nello stesso momento in cui inizia la carica, personale della Questura allontana ogni giornalista, fotografo e operatore presente sul posto, chiedendo i documenti. Il risultato \u00e8 stata chiaramente l&#8217;impossibilit\u00e0 di continuare le riprese. Perdendo cos\u00ec le immagini visivamente e giornalisticamente pi\u00f9 rilevanti. <\/p>\n<p>Premesso che ovviamente \u00e8 nelle funzioni della polizia poter chiedere i documenti, la perfetta sincronia tra richiesta e carica ha di fatto limitato gravemente la possibilit\u00e0 di svolgere il lavoro nei minuti pi\u00f9 importanti della giornata.<\/p>\n<p>Inoltre, non sussistevano problemi di sicurezza per i giornalisti in quella posizione, visto che nessuno dei migranti impugnava bottiglie di vetro, tantomeno sassi, pietre o molotov, a differenza di quanto accade in molte manifestazioni, dove i giornalisti non vengono certo allontanati.<\/p>\n<p>Per una volta, le immagini da una prospettiva diversa, grazie al video pubblicato su NordMilano24, per documentare le difficolt\u00e0 che incontrano i giornalisti nel fare semplicemente il loro lavoro. Il diritto di cronaca non sempre pare essere tutelato in questo Paese.<\/p>\n","protected":false},"author":5228,"featured_media":0,"comment_status":"closed","ping_status":"closed","template":"","categories":[1],"tags":[],"geo":[3646,51,3629],"class_list":{"0":"post-107908","1":"video","2":"type-video","3":"status-publish","5":"category-cronaca","6":"geo-bresso","7":"geo-lombardia","8":"geo-milano"},"acf":[],"_links":{"self":[{"href":"https:\/\/www.youreporter.it\/api\/wp\/v2\/video\/107908"}],"collection":[{"href":"https:\/\/www.youreporter.it\/api\/wp\/v2\/video"}],"about":[{"href":"https:\/\/www.youreporter.it\/api\/wp\/v2\/types\/video"}],"author":[{"embeddable":true,"href":"https:\/\/www.youreporter.it\/api\/wp\/v2\/users\/5228"}],"replies":[{"embeddable":true,"href":"https:\/\/www.youreporter.it\/api\/wp\/v2\/comments?post=107908"}],"version-history":[{"count":0,"href":"https:\/\/www.youreporter.it\/api\/wp\/v2\/video\/107908\/revisions"}],"wp:attachment":[{"href":"https:\/\/www.youreporter.it\/api\/wp\/v2\/media?parent=107908"}],"wp:term":[{"taxonomy":"category","embeddable":true,"href":"https:\/\/www.youreporter.it\/api\/wp\/v2\/categories?post=107908"},{"taxonomy":"post_tag","embeddable":true,"href":"https:\/\/www.youreporter.it\/api\/wp\/v2\/tags?post=107908"},{"taxonomy":"geo","embeddable":true,"href":"https:\/\/www.youreporter.it\/api\/wp\/v2\/geo?post=107908"}],"curies":[{"name":"wp","href":"https:\/\/api.w.org\/{rel}","templated":true}]}}

<p>Nuove immagini che mostrano la dinamica di quanto accaduto ieri a Bresso e spiegano anche perché della carica ci siano solo pochi secondi di immagini da una prospettiva ravvicinata, mentre il respingimento è durato molto di più. Ai giornalisti è stata di fatto impedita la possibilità di documentare l&#8217;intervento degli agenti dei reparti antisommossa.</p>
<p>Nello stesso momento in cui inizia la carica, personale della Questura allontana ogni giornalista, fotografo e operatore presente sul posto, chiedendo i documenti. Il risultato è stata chiaramente l&#8217;impossibilità di continuare le riprese. Perdendo così le immagini visivamente e giornalisticamente più rilevanti. </p>
<p>Premesso che ovviamente è nelle funzioni della polizia poter chiedere i documenti, la perfetta sincronia tra richiesta e carica ha di fatto limitato gravemente la possibilità di svolgere il lavoro nei minuti più importanti della giornata.</p>
<p>Inoltre, non sussistevano problemi di sicurezza per i giornalisti in quella posizione, visto che nessuno dei migranti impugnava bottiglie di vetro, tantomeno sassi, pietre o molotov, a differenza di quanto accade in molte manifestazioni, dove i giornalisti non vengono certo allontanati.</p>
<p>Per una volta, le immagini da una prospettiva diversa, grazie al video pubblicato su NordMilano24, per documentare le difficoltà che incontrano i giornalisti nel fare semplicemente il loro lavoro. Il diritto di cronaca non sempre pare essere tutelato in questo Paese.</p>
