{"id":107796,"date":"2015-09-23T12:12:54","date_gmt":"2015-09-23T12:12:54","guid":{"rendered":"https:\/\/www.youreporter.it\/video_prima_neve_le_immagini_delle_webcam_alpine\/"},"modified":"2015-09-23T12:12:54","modified_gmt":"2015-09-23T12:12:54","slug":"video_prima_neve_le_immagini_delle_webcam_alpine","status":"publish","type":"video","link":"https:\/\/www.youreporter.it\/video\/video_prima_neve_le_immagini_delle_webcam_alpine\/","title":{"rendered":"Prima neve: le immagini delle webcam alpine"},"content":{"rendered":"<p>E&#8217; cominciata a cadere la prima neve su molte localit\u00e0 alpine in Lombardia e Trentino Alto Adige. Dalle immagini sembra di essere gi\u00e0 in pieno inverno, con piste sciistiche e i tetti delle localit\u00e0 di montagna completamente bianchi.<\/p>\n","protected":false},"author":5228,"featured_media":0,"comment_status":"closed","ping_status":"closed","template":"","categories":[1],"tags":[],"geo":[7173,59],"class_list":{"0":"post-107796","1":"video","2":"type-video","3":"status-publish","5":"category-cronaca","6":"geo-bolzano","7":"geo-trentino-alto-adige"},"acf":[],"_links":{"self":[{"href":"https:\/\/www.youreporter.it\/api\/wp\/v2\/video\/107796"}],"collection":[{"href":"https:\/\/www.youreporter.it\/api\/wp\/v2\/video"}],"about":[{"href":"https:\/\/www.youreporter.it\/api\/wp\/v2\/types\/video"}],"author":[{"embeddable":true,"href":"https:\/\/www.youreporter.it\/api\/wp\/v2\/users\/5228"}],"replies":[{"embeddable":true,"href":"https:\/\/www.youreporter.it\/api\/wp\/v2\/comments?post=107796"}],"version-history":[{"count":0,"href":"https:\/\/www.youreporter.it\/api\/wp\/v2\/video\/107796\/revisions"}],"wp:attachment":[{"href":"https:\/\/www.youreporter.it\/api\/wp\/v2\/media?parent=107796"}],"wp:term":[{"taxonomy":"category","embeddable":true,"href":"https:\/\/www.youreporter.it\/api\/wp\/v2\/categories?post=107796"},{"taxonomy":"post_tag","embeddable":true,"href":"https:\/\/www.youreporter.it\/api\/wp\/v2\/tags?post=107796"},{"taxonomy":"geo","embeddable":true,"href":"https:\/\/www.youreporter.it\/api\/wp\/v2\/geo?post=107796"}],"curies":[{"name":"wp","href":"https:\/\/api.w.org\/{rel}","templated":true}]}}

<p>E&#8217; cominciata a cadere la prima neve su molte località alpine in Lombardia e Trentino Alto Adige. Dalle immagini sembra di essere già in pieno inverno, con piste sciistiche e i tetti delle località di montagna completamente bianchi.</p>
