{"id":107675,"date":"2015-10-24T16:12:53","date_gmt":"2015-10-24T16:12:53","guid":{"rendered":"https:\/\/www.youreporter.it\/video_nigardsbreen_la_lingua_del_ghiacciaio_retrocede_sempre_piu\/"},"modified":"2015-10-24T16:12:53","modified_gmt":"2015-10-24T16:12:53","slug":"video_nigardsbreen_la_lingua_del_ghiacciaio_retrocede_sempre_piu","status":"publish","type":"video","link":"https:\/\/www.youreporter.it\/video\/video_nigardsbreen_la_lingua_del_ghiacciaio_retrocede_sempre_piu\/","title":{"rendered":"Nigardsbreen, la lingua del ghiacciaio retrocede sempre pi\u00f9"},"content":{"rendered":"<p>Ecco ci\u00f2 che resta nell&#8217;ottobre del 2015 del ghiacciaio del Nigard in Norvegia. Si tratta di uno dei ghiacciai in pi\u00f9 forte ritirata. Stando ai dati ufficiali, nell&#8217;arco di 117 anni, il ghiacciaio si \u00e8 ritirato di circa 2 km e mezzo, formando un lago glaciale dal nulla. <\/p>\n","protected":false},"author":5228,"featured_media":0,"comment_status":"closed","ping_status":"closed","template":"","categories":[1],"tags":[],"geo":[3629],"class_list":{"0":"post-107675","1":"video","2":"type-video","3":"status-publish","5":"category-cronaca","6":"geo-milano"},"acf":[],"_links":{"self":[{"href":"https:\/\/www.youreporter.it\/api\/wp\/v2\/video\/107675"}],"collection":[{"href":"https:\/\/www.youreporter.it\/api\/wp\/v2\/video"}],"about":[{"href":"https:\/\/www.youreporter.it\/api\/wp\/v2\/types\/video"}],"author":[{"embeddable":true,"href":"https:\/\/www.youreporter.it\/api\/wp\/v2\/users\/5228"}],"replies":[{"embeddable":true,"href":"https:\/\/www.youreporter.it\/api\/wp\/v2\/comments?post=107675"}],"version-history":[{"count":0,"href":"https:\/\/www.youreporter.it\/api\/wp\/v2\/video\/107675\/revisions"}],"wp:attachment":[{"href":"https:\/\/www.youreporter.it\/api\/wp\/v2\/media?parent=107675"}],"wp:term":[{"taxonomy":"category","embeddable":true,"href":"https:\/\/www.youreporter.it\/api\/wp\/v2\/categories?post=107675"},{"taxonomy":"post_tag","embeddable":true,"href":"https:\/\/www.youreporter.it\/api\/wp\/v2\/tags?post=107675"},{"taxonomy":"geo","embeddable":true,"href":"https:\/\/www.youreporter.it\/api\/wp\/v2\/geo?post=107675"}],"curies":[{"name":"wp","href":"https:\/\/api.w.org\/{rel}","templated":true}]}}

Nigardsbreen, la lingua del ghiacciaio retrocede sempre più

<p>Ecco ciò che resta nell&#8217;ottobre del 2015 del ghiacciaio del Nigard in Norvegia. Si tratta di uno dei ghiacciai in più forte ritirata. Stando ai dati ufficiali, nell&#8217;arco di 117 anni, il ghiacciaio si è ritirato di circa 2 km e mezzo, formando un lago glaciale dal nulla. </p>
