{"id":107629,"date":"2015-11-08T23:55:14","date_gmt":"2015-11-08T23:55:14","guid":{"rendered":"https:\/\/www.youreporter.it\/video_bologna_tutte_le_cariche_della_polizia_video_integrale\/"},"modified":"2015-11-08T23:55:14","modified_gmt":"2015-11-08T23:55:14","slug":"video_bologna_tutte_le_cariche_della_polizia_video_integrale","status":"publish","type":"video","link":"https:\/\/www.youreporter.it\/video\/video_bologna_tutte_le_cariche_della_polizia_video_integrale\/","title":{"rendered":"Bologna, tutte le cariche della polizia: video integrale"},"content":{"rendered":"<p>Tutte le cariche in ordine cronologico riprese con pi\u00f9 telecamere senza tagli. Il video documenta quanto fosse esplosivo il clima oggi a Bologna. Da anni la citt\u00e0 non viveva una giornata cos\u00ec movimentata.<\/p>\n","protected":false},"author":5228,"featured_media":0,"comment_status":"closed","ping_status":"closed","template":"","categories":[1],"tags":[],"geo":[1475,46],"class_list":{"0":"post-107629","1":"video","2":"type-video","3":"status-publish","5":"category-cronaca","6":"geo-bologna","7":"geo-emilia-romagna"},"acf":[],"_links":{"self":[{"href":"https:\/\/www.youreporter.it\/api\/wp\/v2\/video\/107629"}],"collection":[{"href":"https:\/\/www.youreporter.it\/api\/wp\/v2\/video"}],"about":[{"href":"https:\/\/www.youreporter.it\/api\/wp\/v2\/types\/video"}],"author":[{"embeddable":true,"href":"https:\/\/www.youreporter.it\/api\/wp\/v2\/users\/5228"}],"replies":[{"embeddable":true,"href":"https:\/\/www.youreporter.it\/api\/wp\/v2\/comments?post=107629"}],"version-history":[{"count":0,"href":"https:\/\/www.youreporter.it\/api\/wp\/v2\/video\/107629\/revisions"}],"wp:attachment":[{"href":"https:\/\/www.youreporter.it\/api\/wp\/v2\/media?parent=107629"}],"wp:term":[{"taxonomy":"category","embeddable":true,"href":"https:\/\/www.youreporter.it\/api\/wp\/v2\/categories?post=107629"},{"taxonomy":"post_tag","embeddable":true,"href":"https:\/\/www.youreporter.it\/api\/wp\/v2\/tags?post=107629"},{"taxonomy":"geo","embeddable":true,"href":"https:\/\/www.youreporter.it\/api\/wp\/v2\/geo?post=107629"}],"curies":[{"name":"wp","href":"https:\/\/api.w.org\/{rel}","templated":true}]}}

<p>Tutte le cariche in ordine cronologico riprese con più telecamere senza tagli. Il video documenta quanto fosse esplosivo il clima oggi a Bologna. Da anni la città non viveva una giornata così movimentata.</p>
