{"id":107474,"date":"2015-12-29T14:10:02","date_gmt":"2015-12-29T14:10:02","guid":{"rendered":"https:\/\/www.youreporter.it\/video_milano_avvolta_dalla_nebbia_e_dallo_smog_e_il_pm10_sale\/"},"modified":"2015-12-29T14:10:02","modified_gmt":"2015-12-29T14:10:02","slug":"video_milano_avvolta_dalla_nebbia_e_dallo_smog_e_il_pm10_sale","status":"publish","type":"video","link":"https:\/\/www.youreporter.it\/video\/video_milano_avvolta_dalla_nebbia_e_dallo_smog_e_il_pm10_sale\/","title":{"rendered":"Milano avvolta dalla nebbia e dallo smog e il Pm10 sale"},"content":{"rendered":"<p>Giorni tremendi per Milano, che resta avvolta nello smog. Nonostante il blocco delle auto il livello del Pm10 ieri non \u00e8 sceso e nella centralina di Milano Pascal \u00e8 anzi salito da 57 microgrammi al metro cubo a 67, a Senato il livello \u00e8 passato da 63 a 66 mentre \u00e8 rimasto stabile a 60 a Verziere, secondo il bollettino giornaliero fornito dall&#8217;Arpa.<\/p>\n","protected":false},"author":5228,"featured_media":0,"comment_status":"closed","ping_status":"closed","template":"","categories":[1],"tags":[],"geo":[51,3629],"class_list":{"0":"post-107474","1":"video","2":"type-video","3":"status-publish","5":"category-cronaca","6":"geo-lombardia","7":"geo-milano"},"acf":[],"_links":{"self":[{"href":"https:\/\/www.youreporter.it\/api\/wp\/v2\/video\/107474"}],"collection":[{"href":"https:\/\/www.youreporter.it\/api\/wp\/v2\/video"}],"about":[{"href":"https:\/\/www.youreporter.it\/api\/wp\/v2\/types\/video"}],"author":[{"embeddable":true,"href":"https:\/\/www.youreporter.it\/api\/wp\/v2\/users\/5228"}],"replies":[{"embeddable":true,"href":"https:\/\/www.youreporter.it\/api\/wp\/v2\/comments?post=107474"}],"version-history":[{"count":0,"href":"https:\/\/www.youreporter.it\/api\/wp\/v2\/video\/107474\/revisions"}],"wp:attachment":[{"href":"https:\/\/www.youreporter.it\/api\/wp\/v2\/media?parent=107474"}],"wp:term":[{"taxonomy":"category","embeddable":true,"href":"https:\/\/www.youreporter.it\/api\/wp\/v2\/categories?post=107474"},{"taxonomy":"post_tag","embeddable":true,"href":"https:\/\/www.youreporter.it\/api\/wp\/v2\/tags?post=107474"},{"taxonomy":"geo","embeddable":true,"href":"https:\/\/www.youreporter.it\/api\/wp\/v2\/geo?post=107474"}],"curies":[{"name":"wp","href":"https:\/\/api.w.org\/{rel}","templated":true}]}}

<p>Giorni tremendi per Milano, che resta avvolta nello smog. Nonostante il blocco delle auto il livello del Pm10 ieri non è sceso e nella centralina di Milano Pascal è anzi salito da 57 microgrammi al metro cubo a 67, a Senato il livello è passato da 63 a 66 mentre è rimasto stabile a 60 a Verziere, secondo il bollettino giornaliero fornito dall&#8217;Arpa.</p>
