{"id":107410,"date":"2016-03-07T19:22:56","date_gmt":"2016-03-07T19:22:56","guid":{"rendered":"https:\/\/www.youreporter.it\/video_karim_franceschi_il_combattente_anti-isis_si_racconta\/"},"modified":"2016-03-07T19:22:56","modified_gmt":"2016-03-07T19:22:56","slug":"video_karim_franceschi_il_combattente_anti-isis_si_racconta","status":"publish","type":"video","link":"https:\/\/www.youreporter.it\/video\/video_karim_franceschi_il_combattente_anti-isis_si_racconta\/","title":{"rendered":"Karim Franceschi, il combattente anti-Isis si racconta"},"content":{"rendered":"<p>Karim Franceschi, nato a Senigallia nel 1989 da padre italiano e madre marocchina, \u00e8 stato l&#8217;unico italiano a partecipare alla guerra contro l&#8217;Isis durante l&#8217;assedio di Kobane, in Siria. Rifiutando l&#8217;immobilismo, Karim \u00e8 partito per aiutare un &#8220;popolo in difficolt\u00e0 nei cui valori democratici e femministi&#8221; si riconosce tutt&#8217;ora ed \u00e8 stato al fronte per ben tre mesi, seguendo le orme del padre partigiano che, durante la Liberazione, ha combattuto sulle colline toscane. Karim ha deciso di raccontare la sua esperienza in un libro dal titolo &#8220;Il combattente&#8221;, usando un &#8220;linguaggio semplice&#8221; per lanciare un messaggio che possa raggiungere pi\u00f9 persone possibili, soprattutto tra i suoi coetanei. Tra le altre iniziative, Karim parteciper\u00e0 il 20 marzo alla giornata del Newroz, giorno dell&#8217;inizio della primavera e capodanno del calendario curdo, che vedr\u00e0 diverse manifestazioni a Milano, tra cui un corteo che partir\u00e0 alle 14 da piazza San Babila. Intervista e video di Igor Riccelli<\/p>\n","protected":false},"author":5228,"featured_media":0,"comment_status":"closed","ping_status":"closed","template":"","categories":[1],"tags":[],"geo":[51,3629],"class_list":{"0":"post-107410","1":"video","2":"type-video","3":"status-publish","5":"category-cronaca","6":"geo-lombardia","7":"geo-milano"},"acf":[],"_links":{"self":[{"href":"https:\/\/www.youreporter.it\/api\/wp\/v2\/video\/107410"}],"collection":[{"href":"https:\/\/www.youreporter.it\/api\/wp\/v2\/video"}],"about":[{"href":"https:\/\/www.youreporter.it\/api\/wp\/v2\/types\/video"}],"author":[{"embeddable":true,"href":"https:\/\/www.youreporter.it\/api\/wp\/v2\/users\/5228"}],"replies":[{"embeddable":true,"href":"https:\/\/www.youreporter.it\/api\/wp\/v2\/comments?post=107410"}],"version-history":[{"count":0,"href":"https:\/\/www.youreporter.it\/api\/wp\/v2\/video\/107410\/revisions"}],"wp:attachment":[{"href":"https:\/\/www.youreporter.it\/api\/wp\/v2\/media?parent=107410"}],"wp:term":[{"taxonomy":"category","embeddable":true,"href":"https:\/\/www.youreporter.it\/api\/wp\/v2\/categories?post=107410"},{"taxonomy":"post_tag","embeddable":true,"href":"https:\/\/www.youreporter.it\/api\/wp\/v2\/tags?post=107410"},{"taxonomy":"geo","embeddable":true,"href":"https:\/\/www.youreporter.it\/api\/wp\/v2\/geo?post=107410"}],"curies":[{"name":"wp","href":"https:\/\/api.w.org\/{rel}","templated":true}]}}

<p>Karim Franceschi, nato a Senigallia nel 1989 da padre italiano e madre marocchina, è stato l&#8217;unico italiano a partecipare alla guerra contro l&#8217;Isis durante l&#8217;assedio di Kobane, in Siria. Rifiutando l&#8217;immobilismo, Karim è partito per aiutare un &#8220;popolo in difficoltà nei cui valori democratici e femministi&#8221; si riconosce tutt&#8217;ora ed è stato al fronte per ben tre mesi, seguendo le orme del padre partigiano che, durante la Liberazione, ha combattuto sulle colline toscane. Karim ha deciso di raccontare la sua esperienza in un libro dal titolo &#8220;Il combattente&#8221;, usando un &#8220;linguaggio semplice&#8221; per lanciare un messaggio che possa raggiungere più persone possibili, soprattutto tra i suoi coetanei. Tra le altre iniziative, Karim parteciperà il 20 marzo alla giornata del Newroz, giorno dell&#8217;inizio della primavera e capodanno del calendario curdo, che vedrà diverse manifestazioni a Milano, tra cui un corteo che partirà alle 14 da piazza San Babila. Intervista e video di Igor Riccelli</p>
