{"id":106721,"date":"2016-08-25T17:01:32","date_gmt":"2016-08-25T17:01:32","guid":{"rendered":"https:\/\/www.youreporter.it\/video_gli_sfollati_dormono_in_macchina_per_gli_sciacalli\/"},"modified":"2016-08-25T17:01:32","modified_gmt":"2016-08-25T17:01:32","slug":"video_gli_sfollati_dormono_in_macchina_per_gli_sciacalli","status":"publish","type":"video","link":"https:\/\/www.youreporter.it\/video\/video_gli_sfollati_dormono_in_macchina_per_gli_sciacalli\/","title":{"rendered":"Gli sfollati dormono in auto per gli sciacalli"},"content":{"rendered":"<p>Molti sfollati hanno passato in macchina la prima notte dopo il terremoto che ha colpito Amatrice, Accumoli e Arquata del Tronto. La paura \u00e8 quella degli sciacalli: qualcuno \u00e8 gi\u00e0 stato arrestato.<\/p>\n","protected":false},"author":5228,"featured_media":0,"comment_status":"closed","ping_status":"closed","template":"","categories":[1],"tags":[],"geo":[2182,49,2180],"class_list":{"0":"post-106721","1":"video","2":"type-video","3":"status-publish","5":"category-cronaca","6":"geo-amatrice","7":"geo-lazio","8":"geo-rieti"},"acf":[],"_links":{"self":[{"href":"https:\/\/www.youreporter.it\/api\/wp\/v2\/video\/106721"}],"collection":[{"href":"https:\/\/www.youreporter.it\/api\/wp\/v2\/video"}],"about":[{"href":"https:\/\/www.youreporter.it\/api\/wp\/v2\/types\/video"}],"author":[{"embeddable":true,"href":"https:\/\/www.youreporter.it\/api\/wp\/v2\/users\/5228"}],"replies":[{"embeddable":true,"href":"https:\/\/www.youreporter.it\/api\/wp\/v2\/comments?post=106721"}],"version-history":[{"count":0,"href":"https:\/\/www.youreporter.it\/api\/wp\/v2\/video\/106721\/revisions"}],"wp:attachment":[{"href":"https:\/\/www.youreporter.it\/api\/wp\/v2\/media?parent=106721"}],"wp:term":[{"taxonomy":"category","embeddable":true,"href":"https:\/\/www.youreporter.it\/api\/wp\/v2\/categories?post=106721"},{"taxonomy":"post_tag","embeddable":true,"href":"https:\/\/www.youreporter.it\/api\/wp\/v2\/tags?post=106721"},{"taxonomy":"geo","embeddable":true,"href":"https:\/\/www.youreporter.it\/api\/wp\/v2\/geo?post=106721"}],"curies":[{"name":"wp","href":"https:\/\/api.w.org\/{rel}","templated":true}]}}

<p>Molti sfollati hanno passato in macchina la prima notte dopo il terremoto che ha colpito Amatrice, Accumoli e Arquata del Tronto. La paura è quella degli sciacalli: qualcuno è già stato arrestato.</p>
