{"id":106603,"date":"2016-09-03T14:36:53","date_gmt":"2016-09-03T14:36:53","guid":{"rendered":"https:\/\/www.youreporter.it\/video_davao_attentato_rivendicato_da_islamisti_di_abu_sayyaf\/"},"modified":"2016-09-03T14:36:53","modified_gmt":"2016-09-03T14:36:53","slug":"video_davao_attentato_rivendicato_da_islamisti_di_abu_sayyaf","status":"publish","type":"video","link":"https:\/\/www.youreporter.it\/video\/video_davao_attentato_rivendicato_da_islamisti_di_abu_sayyaf\/","title":{"rendered":"Davao, attentato rivendicato da islamisti di Abu Sayyaf"},"content":{"rendered":"<p>Appare cos\u00ec il Roxas Night Market di Davao, dopo l&#8217;esplosione di venerd\u00ec sera. L&#8217;attentato dinamitardo, che ha ucciso 13 persone, \u00e8 stato rivendicato da Abu Rami, il portavoce del gruppo islamico radicale Abu Sayyaf.<\/p>\n","protected":false},"author":5228,"featured_media":0,"comment_status":"closed","ping_status":"closed","template":"","categories":[1],"tags":[],"geo":[2182],"class_list":{"0":"post-106603","1":"video","2":"type-video","3":"status-publish","5":"category-cronaca","6":"geo-amatrice"},"acf":[],"_links":{"self":[{"href":"https:\/\/www.youreporter.it\/api\/wp\/v2\/video\/106603"}],"collection":[{"href":"https:\/\/www.youreporter.it\/api\/wp\/v2\/video"}],"about":[{"href":"https:\/\/www.youreporter.it\/api\/wp\/v2\/types\/video"}],"author":[{"embeddable":true,"href":"https:\/\/www.youreporter.it\/api\/wp\/v2\/users\/5228"}],"replies":[{"embeddable":true,"href":"https:\/\/www.youreporter.it\/api\/wp\/v2\/comments?post=106603"}],"version-history":[{"count":0,"href":"https:\/\/www.youreporter.it\/api\/wp\/v2\/video\/106603\/revisions"}],"wp:attachment":[{"href":"https:\/\/www.youreporter.it\/api\/wp\/v2\/media?parent=106603"}],"wp:term":[{"taxonomy":"category","embeddable":true,"href":"https:\/\/www.youreporter.it\/api\/wp\/v2\/categories?post=106603"},{"taxonomy":"post_tag","embeddable":true,"href":"https:\/\/www.youreporter.it\/api\/wp\/v2\/tags?post=106603"},{"taxonomy":"geo","embeddable":true,"href":"https:\/\/www.youreporter.it\/api\/wp\/v2\/geo?post=106603"}],"curies":[{"name":"wp","href":"https:\/\/api.w.org\/{rel}","templated":true}]}}

<p>Appare così il Roxas Night Market di Davao, dopo l&#8217;esplosione di venerdì sera. L&#8217;attentato dinamitardo, che ha ucciso 13 persone, è stato rivendicato da Abu Rami, il portavoce del gruppo islamico radicale Abu Sayyaf.</p>
