{"id":106319,"date":"2016-10-02T14:01:03","date_gmt":"2016-10-02T14:01:03","guid":{"rendered":"https:\/\/www.youreporter.it\/video_spagna_i_momenti_dopo_lo_scoppio_al_caffe_la_bohemia\/"},"modified":"2016-10-02T14:01:03","modified_gmt":"2016-10-02T14:01:03","slug":"video_spagna_i_momenti_dopo_lo_scoppio_al_caffe_la_bohemia","status":"publish","type":"video","link":"https:\/\/www.youreporter.it\/video\/video_spagna_i_momenti_dopo_lo_scoppio_al_caffe_la_bohemia\/","title":{"rendered":"Spagna, i momenti dopo lo scoppio al caff\u00e8 La Bohemia"},"content":{"rendered":"<p>Una bombola di gas \u00e8 esplosa al Caff\u00e8 La Bohemia a Velez, sobborgo a est di Malaga, ferendo almeno 77 persone. Lo scoppio \u00e8 avvenuto proprio quando nella cittadina era in corso un festival molto frequentato. Ecco le immagini successive all&#8217;esplosione<\/p>\n","protected":false},"author":5228,"featured_media":0,"comment_status":"closed","ping_status":"closed","template":"","categories":[1],"tags":[],"geo":[3629],"class_list":{"0":"post-106319","1":"video","2":"type-video","3":"status-publish","5":"category-cronaca","6":"geo-milano"},"acf":[],"_links":{"self":[{"href":"https:\/\/www.youreporter.it\/api\/wp\/v2\/video\/106319"}],"collection":[{"href":"https:\/\/www.youreporter.it\/api\/wp\/v2\/video"}],"about":[{"href":"https:\/\/www.youreporter.it\/api\/wp\/v2\/types\/video"}],"author":[{"embeddable":true,"href":"https:\/\/www.youreporter.it\/api\/wp\/v2\/users\/5228"}],"replies":[{"embeddable":true,"href":"https:\/\/www.youreporter.it\/api\/wp\/v2\/comments?post=106319"}],"version-history":[{"count":0,"href":"https:\/\/www.youreporter.it\/api\/wp\/v2\/video\/106319\/revisions"}],"wp:attachment":[{"href":"https:\/\/www.youreporter.it\/api\/wp\/v2\/media?parent=106319"}],"wp:term":[{"taxonomy":"category","embeddable":true,"href":"https:\/\/www.youreporter.it\/api\/wp\/v2\/categories?post=106319"},{"taxonomy":"post_tag","embeddable":true,"href":"https:\/\/www.youreporter.it\/api\/wp\/v2\/tags?post=106319"},{"taxonomy":"geo","embeddable":true,"href":"https:\/\/www.youreporter.it\/api\/wp\/v2\/geo?post=106319"}],"curies":[{"name":"wp","href":"https:\/\/api.w.org\/{rel}","templated":true}]}}

Spagna, i momenti dopo lo scoppio al caffè La Bohemia

<p>Una bombola di gas è esplosa al Caffè La Bohemia a Velez, sobborgo a est di Malaga, ferendo almeno 77 persone. Lo scoppio è avvenuto proprio quando nella cittadina era in corso un festival molto frequentato. Ecco le immagini successive all&#8217;esplosione</p>
