{"id":106297,"date":"2016-10-04T09:53:56","date_gmt":"2016-10-04T09:53:56","guid":{"rendered":"https:\/\/www.youreporter.it\/video_albuquerque_festa_internazionale_delle_mongolfiere\/"},"modified":"2016-10-04T09:53:56","modified_gmt":"2016-10-04T09:53:56","slug":"video_albuquerque_festa_internazionale_delle_mongolfiere","status":"publish","type":"video","link":"https:\/\/www.youreporter.it\/video\/video_albuquerque_festa_internazionale_delle_mongolfiere\/","title":{"rendered":"Albuquerque. festa internazionale delle mongolfiere"},"content":{"rendered":"<p>E&#8217; cominciata il primo ottobre e si terr\u00e0 fino al 9 la festa internazionale delle mongolfiere ad Albuquerque, in New Mexico. Durante l&#8217;evento si \u00e8 verificato un piccolo incidente quando uno dei palloni \u00e8 finito su delle linee dell&#8217;alta tensione, provocando dei cali di corrente nella vicina citt\u00e0 di Montano, ma nessun ferito<\/p>\n","protected":false},"author":5228,"featured_media":0,"comment_status":"closed","ping_status":"closed","template":"","categories":[1],"tags":[],"geo":[2182],"class_list":{"0":"post-106297","1":"video","2":"type-video","3":"status-publish","5":"category-cronaca","6":"geo-amatrice"},"acf":[],"_links":{"self":[{"href":"https:\/\/www.youreporter.it\/api\/wp\/v2\/video\/106297"}],"collection":[{"href":"https:\/\/www.youreporter.it\/api\/wp\/v2\/video"}],"about":[{"href":"https:\/\/www.youreporter.it\/api\/wp\/v2\/types\/video"}],"author":[{"embeddable":true,"href":"https:\/\/www.youreporter.it\/api\/wp\/v2\/users\/5228"}],"replies":[{"embeddable":true,"href":"https:\/\/www.youreporter.it\/api\/wp\/v2\/comments?post=106297"}],"version-history":[{"count":0,"href":"https:\/\/www.youreporter.it\/api\/wp\/v2\/video\/106297\/revisions"}],"wp:attachment":[{"href":"https:\/\/www.youreporter.it\/api\/wp\/v2\/media?parent=106297"}],"wp:term":[{"taxonomy":"category","embeddable":true,"href":"https:\/\/www.youreporter.it\/api\/wp\/v2\/categories?post=106297"},{"taxonomy":"post_tag","embeddable":true,"href":"https:\/\/www.youreporter.it\/api\/wp\/v2\/tags?post=106297"},{"taxonomy":"geo","embeddable":true,"href":"https:\/\/www.youreporter.it\/api\/wp\/v2\/geo?post=106297"}],"curies":[{"name":"wp","href":"https:\/\/api.w.org\/{rel}","templated":true}]}}

<p>E&#8217; cominciata il primo ottobre e si terrà fino al 9 la festa internazionale delle mongolfiere ad Albuquerque, in New Mexico. Durante l&#8217;evento si è verificato un piccolo incidente quando uno dei palloni è finito su delle linee dell&#8217;alta tensione, provocando dei cali di corrente nella vicina città di Montano, ma nessun ferito</p>
