{"id":105847,"date":"2016-11-18T15:31:34","date_gmt":"2016-11-18T15:31:34","guid":{"rendered":"https:\/\/www.youreporter.it\/video_da_bresso_all_iraq_in_nome_dell_isis_con_famiglia_a_seguito\/"},"modified":"2016-11-18T15:31:34","modified_gmt":"2016-11-18T15:31:34","slug":"video_da_bresso_all_iraq_in_nome_dell_isis_con_famiglia_a_seguito","status":"publish","type":"video","link":"https:\/\/www.youreporter.it\/video\/video_da_bresso_all_iraq_in_nome_dell_isis_con_famiglia_a_seguito\/","title":{"rendered":"Da Bresso all&#8217;Iraq in nome dell&#8217;Isis con famiglia a seguito"},"content":{"rendered":"<p>Ahmed Taskour, 47 anni, \u00e8 un latitante marocchino gi\u00e0 residente in Italia individuato dalla polizia italiana in Iraq, ma non ancora fermato. \u00c8 ricercato per terrorismo internazionale nell\u2019ambito di un\u2019indagine della Procura di Milano. Secondo gli inquirenti Taskour era partito da Bresso nel dicembre 2014 con moglie e due figli per arruolarsi come foreign fighters con l\u2019Isis. Uno dei figli, di 10 anni, appare con il padre in un video del novembre del 2015, dopo gli attentati di Parigi, nel quale i due minacciano di morte l\u2019Occidente. \u00abDella moglie e della figlia maggiore si sono poi perse completamente le tracce &#8211; ha detto il procuratore aggiunto Pietro Forno &#8211; Difficilmente la misura potr\u00e0 essere eseguita\u00bb.<br \/>\nTaskour non era un disadattato: era perfettamente inserito nel nostro Paese, aveva un permesso di soggiorno, un lavoro stabile come dipendente in una cooperativa di pulizie e non aveva mai manifestato alcuna posizione radicale. \u00abPer come si \u00e8 mosso e per il fatto che l\u2019Isis lo ha fatto apparire nel video postato poi su Youtube \u00e8 facile dedurre che abbia raggiunto un livello elevato nello Stato Islamico\u00bb ha aggiunto il dirigente della Digos di Milano Claudio Ciccimarra.<\/p>\n","protected":false},"author":5228,"featured_media":0,"comment_status":"closed","ping_status":"closed","template":"","categories":[1],"tags":[],"geo":[51,3629],"class_list":{"0":"post-105847","1":"video","2":"type-video","3":"status-publish","5":"category-cronaca","6":"geo-lombardia","7":"geo-milano"},"acf":[],"_links":{"self":[{"href":"https:\/\/www.youreporter.it\/api\/wp\/v2\/video\/105847"}],"collection":[{"href":"https:\/\/www.youreporter.it\/api\/wp\/v2\/video"}],"about":[{"href":"https:\/\/www.youreporter.it\/api\/wp\/v2\/types\/video"}],"author":[{"embeddable":true,"href":"https:\/\/www.youreporter.it\/api\/wp\/v2\/users\/5228"}],"replies":[{"embeddable":true,"href":"https:\/\/www.youreporter.it\/api\/wp\/v2\/comments?post=105847"}],"version-history":[{"count":0,"href":"https:\/\/www.youreporter.it\/api\/wp\/v2\/video\/105847\/revisions"}],"wp:attachment":[{"href":"https:\/\/www.youreporter.it\/api\/wp\/v2\/media?parent=105847"}],"wp:term":[{"taxonomy":"category","embeddable":true,"href":"https:\/\/www.youreporter.it\/api\/wp\/v2\/categories?post=105847"},{"taxonomy":"post_tag","embeddable":true,"href":"https:\/\/www.youreporter.it\/api\/wp\/v2\/tags?post=105847"},{"taxonomy":"geo","embeddable":true,"href":"https:\/\/www.youreporter.it\/api\/wp\/v2\/geo?post=105847"}],"curies":[{"name":"wp","href":"https:\/\/api.w.org\/{rel}","templated":true}]}}

<p>Ahmed Taskour, 47 anni, è un latitante marocchino già residente in Italia individuato dalla polizia italiana in Iraq, ma non ancora fermato. È ricercato per terrorismo internazionale nell’ambito di un’indagine della Procura di Milano. Secondo gli inquirenti Taskour era partito da Bresso nel dicembre 2014 con moglie e due figli per arruolarsi come foreign fighters con l’Isis. Uno dei figli, di 10 anni, appare con il padre in un video del novembre del 2015, dopo gli attentati di Parigi, nel quale i due minacciano di morte l’Occidente. «Della moglie e della figlia maggiore si sono poi perse completamente le tracce &#8211; ha detto il procuratore aggiunto Pietro Forno &#8211; Difficilmente la misura potrà essere eseguita».<br />
Taskour non era un disadattato: era perfettamente inserito nel nostro Paese, aveva un permesso di soggiorno, un lavoro stabile come dipendente in una cooperativa di pulizie e non aveva mai manifestato alcuna posizione radicale. «Per come si è mosso e per il fatto che l’Isis lo ha fatto apparire nel video postato poi su Youtube è facile dedurre che abbia raggiunto un livello elevato nello Stato Islamico» ha aggiunto il dirigente della Digos di Milano Claudio Ciccimarra.</p>
