{"id":103175,"date":"2016-06-12T18:54:04","date_gmt":"2016-06-12T18:54:04","guid":{"rendered":"https:\/\/www.youreporter.it\/video_il_caldo_consiglio_-_cisterna_di_latina\/"},"modified":"2016-06-12T18:54:04","modified_gmt":"2016-06-12T18:54:04","slug":"video_il_caldo_consiglio_-_cisterna_di_latina","status":"publish","type":"video","link":"https:\/\/www.youreporter.it\/video\/video_il_caldo_consiglio_-_cisterna_di_latina\/","title":{"rendered":"Il &#8220;caldo&#8221; Consiglio &#8211; Cisterna di Latina"},"content":{"rendered":"<p>Si il 9 giugno scorso, in un clima a dir poco concitato, il consiglio comunale che vedeva tra i punti all&#8217;ordine del giorno la rideterminazione degli oneri concessori. Poi approvati dalla giunta.<br \/>\nMa a tener banco in assise sono state le ultime e non, cronologicamente parlando, polemiche politiche e giudiziarie che hanno colpito il Palazzo dei Servizi. Il tutto condito dalla presenza, pacifica, di un centinaio di persone (guidate da varie associazioni) che hanno voluto manifestare il loro malcontento verso l&#8217;amministrazione targata Della Penna.<br \/>\nClima caldo quindi e non facile da amministrare, ma dopo aver ascoltato le interrogazioni dell&#8217;opposizione, il sindaco ha voluto fare chiarezza su molti punti. L&#8217;addio del vice sindaco Muzzupappa, le indagini partite dalla Procura e dalla Guardia di Finanza, il quotidiano problema &#8220;ordinario&#8221; della manutenzione della citt\u00e0 sono i temi principali affrontati. Immancabile e atteso \u00e8 stato lo scontro tra il sindaco e l&#8217;ex candidato sindaco Riccardo Carletti sulla questione della &#8220;sparizione&#8221; di defunti dal cimitero comunale&#8230;<br \/>\nDati politici. Ancora una volta \u00e8 da registrare l&#8217;assenza (seppur giustificata) del consigliere Carturan. L&#8217;ex sindaco \u00e8 stato preso di mira dal consigliere (anche lui d&#8217;opposizione) Merolla: &#8220;O&#8217; compare lancia il sasso e poi non si presenta&#8221;. Il predecessore di Della Penna si riferiva all&#8217;ultimo intervento di Carturan sui giornali dove indicava Bellardini e Ganelli come i futuri interlocutori politici di Della Penna.<br \/>\nAssente anche Alvaro Mastrantoni, secondo rumors interni, in rotta da qualche tempo con l&#8217;amministrazione. Presenti invece Ianiri, Barone e Cassetti espressione politica di Muzzupappa: la loro presenza di fatto sancisce che alla base dell&#8217;addio di certo non c&#8217;\u00e8 matrice politica.<br \/>\nIl consigliere di maggioranza Alberto Filippi \u00e8 intervenuto a favore del sindaco, questo di sicuro avr\u00e0 fatto storcere il naso a qualcuno non pi\u00f9 presente in maggioranza&#8230;e non.<\/p>\n","protected":false},"author":4795,"featured_media":0,"comment_status":"closed","ping_status":"closed","template":"","categories":[1],"tags":[],"geo":[2151,2146,49],"class_list":{"0":"post-103175","1":"video","2":"type-video","3":"status-publish","5":"category-cronaca","6":"geo-cisterna-di-latina","7":"geo-latina","8":"geo-lazio"},"acf":[],"_links":{"self":[{"href":"https:\/\/www.youreporter.it\/api\/wp\/v2\/video\/103175"}],"collection":[{"href":"https:\/\/www.youreporter.it\/api\/wp\/v2\/video"}],"about":[{"href":"https:\/\/www.youreporter.it\/api\/wp\/v2\/types\/video"}],"author":[{"embeddable":true,"href":"https:\/\/www.youreporter.it\/api\/wp\/v2\/users\/4795"}],"replies":[{"embeddable":true,"href":"https:\/\/www.youreporter.it\/api\/wp\/v2\/comments?post=103175"}],"version-history":[{"count":0,"href":"https:\/\/www.youreporter.it\/api\/wp\/v2\/video\/103175\/revisions"}],"wp:attachment":[{"href":"https:\/\/www.youreporter.it\/api\/wp\/v2\/media?parent=103175"}],"wp:term":[{"taxonomy":"category","embeddable":true,"href":"https:\/\/www.youreporter.it\/api\/wp\/v2\/categories?post=103175"},{"taxonomy":"post_tag","embeddable":true,"href":"https:\/\/www.youreporter.it\/api\/wp\/v2\/tags?post=103175"},{"taxonomy":"geo","embeddable":true,"href":"https:\/\/www.youreporter.it\/api\/wp\/v2\/geo?post=103175"}],"curies":[{"name":"wp","href":"https:\/\/api.w.org\/{rel}","templated":true}]}}

<p>Si il 9 giugno scorso, in un clima a dir poco concitato, il consiglio comunale che vedeva tra i punti all&#8217;ordine del giorno la rideterminazione degli oneri concessori. Poi approvati dalla giunta.<br />
Ma a tener banco in assise sono state le ultime e non, cronologicamente parlando, polemiche politiche e giudiziarie che hanno colpito il Palazzo dei Servizi. Il tutto condito dalla presenza, pacifica, di un centinaio di persone (guidate da varie associazioni) che hanno voluto manifestare il loro malcontento verso l&#8217;amministrazione targata Della Penna.<br />
Clima caldo quindi e non facile da amministrare, ma dopo aver ascoltato le interrogazioni dell&#8217;opposizione, il sindaco ha voluto fare chiarezza su molti punti. L&#8217;addio del vice sindaco Muzzupappa, le indagini partite dalla Procura e dalla Guardia di Finanza, il quotidiano problema &#8220;ordinario&#8221; della manutenzione della città sono i temi principali affrontati. Immancabile e atteso è stato lo scontro tra il sindaco e l&#8217;ex candidato sindaco Riccardo Carletti sulla questione della &#8220;sparizione&#8221; di defunti dal cimitero comunale&#8230;<br />
Dati politici. Ancora una volta è da registrare l&#8217;assenza (seppur giustificata) del consigliere Carturan. L&#8217;ex sindaco è stato preso di mira dal consigliere (anche lui d&#8217;opposizione) Merolla: &#8220;O&#8217; compare lancia il sasso e poi non si presenta&#8221;. Il predecessore di Della Penna si riferiva all&#8217;ultimo intervento di Carturan sui giornali dove indicava Bellardini e Ganelli come i futuri interlocutori politici di Della Penna.<br />
Assente anche Alvaro Mastrantoni, secondo rumors interni, in rotta da qualche tempo con l&#8217;amministrazione. Presenti invece Ianiri, Barone e Cassetti espressione politica di Muzzupappa: la loro presenza di fatto sancisce che alla base dell&#8217;addio di certo non c&#8217;è matrice politica.<br />
Il consigliere di maggioranza Alberto Filippi è intervenuto a favore del sindaco, questo di sicuro avrà fatto storcere il naso a qualcuno non più presente in maggioranza&#8230;e non.</p>
