{"id":102725,"date":"2015-06-23T08:13:27","date_gmt":"2015-06-23T08:13:27","guid":{"rendered":"https:\/\/www.youreporter.it\/video_presentazione_5_summer_run_lady_alba_chapter_5_luglio_2015\/"},"modified":"2015-06-23T08:13:27","modified_gmt":"2015-06-23T08:13:27","slug":"video_presentazione_5_summer_run_lady_alba_chapter_5_luglio_2015","status":"publish","type":"video","link":"https:\/\/www.youreporter.it\/video\/video_presentazione_5_summer_run_lady_alba_chapter_5_luglio_2015\/","title":{"rendered":"Presentazione 5\u00b0SUMMER RUN LADY ALBA CHAPTER 5 luglio 2015"},"content":{"rendered":"<p>Presentazione  5\u00b0 SUMMER RUN ALBA CHAPTER 5 luglio 2015. L&#8217;evento motociclistico, organizzato dalle ladies, partir\u00e0 da Alba e, raggiunger\u00e0 Vi\u00f9. <\/p>\n","protected":false},"author":5958,"featured_media":0,"comment_status":"closed","ping_status":"closed","template":"","categories":[21],"tags":[],"geo":[5010,5007,54],"class_list":{"0":"post-102725","1":"video","2":"type-video","3":"status-publish","5":"category-sport","6":"geo-alba","7":"geo-cuneo","8":"geo-piemonte"},"acf":[],"_links":{"self":[{"href":"https:\/\/www.youreporter.it\/api\/wp\/v2\/video\/102725"}],"collection":[{"href":"https:\/\/www.youreporter.it\/api\/wp\/v2\/video"}],"about":[{"href":"https:\/\/www.youreporter.it\/api\/wp\/v2\/types\/video"}],"author":[{"embeddable":true,"href":"https:\/\/www.youreporter.it\/api\/wp\/v2\/users\/5958"}],"replies":[{"embeddable":true,"href":"https:\/\/www.youreporter.it\/api\/wp\/v2\/comments?post=102725"}],"version-history":[{"count":0,"href":"https:\/\/www.youreporter.it\/api\/wp\/v2\/video\/102725\/revisions"}],"wp:attachment":[{"href":"https:\/\/www.youreporter.it\/api\/wp\/v2\/media?parent=102725"}],"wp:term":[{"taxonomy":"category","embeddable":true,"href":"https:\/\/www.youreporter.it\/api\/wp\/v2\/categories?post=102725"},{"taxonomy":"post_tag","embeddable":true,"href":"https:\/\/www.youreporter.it\/api\/wp\/v2\/tags?post=102725"},{"taxonomy":"geo","embeddable":true,"href":"https:\/\/www.youreporter.it\/api\/wp\/v2\/geo?post=102725"}],"curies":[{"name":"wp","href":"https:\/\/api.w.org\/{rel}","templated":true}]}}

<p>Presentazione  5° SUMMER RUN ALBA CHAPTER 5 luglio 2015. L&#8217;evento motociclistico, organizzato dalle ladies, partirà da Alba e, raggiungerà Viù. </p>
